Last updated on 2023-01-31 03:00:56 CET.
Flavor | Version | Tinstall | Tcheck | Ttotal | Status | Flags |
---|---|---|---|---|---|---|
r-devel-linux-x86_64-debian-clang | 1.0.2 | 92.91 | 638.78 | 731.69 | OK | |
r-devel-linux-x86_64-debian-gcc | 1.0.2 | 74.94 | 506.71 | 581.65 | NOTE | |
r-devel-linux-x86_64-fedora-clang | 1.0.2 | 925.34 | NOTE | |||
r-devel-linux-x86_64-fedora-gcc | 1.0.2 | 948.42 | NOTE | |||
r-devel-windows-x86_64 | 1.0.2 | 152.00 | 762.00 | 914.00 | NOTE | |
r-patched-linux-x86_64 | 1.0.2 | 65.83 | 623.07 | 688.90 | OK | |
r-release-linux-x86_64 | 1.0.2 | 63.32 | 626.11 | 689.43 | OK | |
r-release-macos-arm64 | 1.0.2 | 119.00 | OK | |||
r-release-macos-x86_64 | 1.0.2 | 201.00 | OK | |||
r-release-windows-x86_64 | 1.0.2 | 174.00 | 781.00 | 955.00 | OK | |
r-oldrel-macos-arm64 | 1.0.2 | 119.00 | OK | |||
r-oldrel-macos-x86_64 | 1.0.2 | 195.00 | OK | |||
r-oldrel-windows-ix86+x86_64 | 1.0.2 | 226.00 | 1127.00 | 1353.00 | OK |
Version: 1.0.2
Check: C++ specification
Result: NOTE
Specified C++11: please update to current default of C++17
Flavors: r-devel-linux-x86_64-debian-gcc, r-devel-linux-x86_64-fedora-clang, r-devel-linux-x86_64-fedora-gcc, r-devel-windows-x86_64
Version: 1.0.2
Check: Rd cross-references
Result: NOTE
Undeclared package ‘sp’ in Rd xrefs
Flavor: r-devel-linux-x86_64-fedora-clang