CRAN Package Check Results for Package RPS

Last updated on 2020-09-22 03:49:38 CEST.

Flavor Version Tinstall Tcheck Ttotal Status Flags
r-devel-linux-x86_64-debian-clang 1.0.1 8.26 105.53 113.79 OK
r-devel-linux-x86_64-debian-gcc 1.0.1 0.28 1.92 2.20 ERROR
r-devel-linux-x86_64-fedora-clang 1.0.1 149.01 NOTE
r-devel-linux-x86_64-fedora-gcc 1.0.1 131.97 NOTE
r-devel-windows-ix86+x86_64 1.0.1 20.00 109.00 129.00 OK
r-patched-linux-x86_64 1.0.1 8.80 101.15 109.95 OK
r-patched-solaris-x86 1.0.1 177.30 NOTE
r-release-linux-x86_64 1.0.1 7.98 100.35 108.33 OK
r-release-macos-x86_64 1.0.1 NOTE
r-release-windows-ix86+x86_64 1.0.1 19.00 140.00 159.00 OK
r-oldrel-macos-x86_64 1.0.1 NOTE
r-oldrel-windows-ix86+x86_64 1.0.1 12.00 114.00 126.00 OK

Check Details

Version: 1.0.1
Check: whether package can be installed
Result: ERROR
    Installation failed.
Flavor: r-devel-linux-x86_64-debian-gcc

Version: 1.0.1
Check: dependencies in R code
Result: NOTE
    Namespaces in Imports field not imported from:
     ‘ape’ ‘igraph’
     All declared Imports should be used.
Flavors: r-devel-linux-x86_64-fedora-clang, r-devel-linux-x86_64-fedora-gcc, r-patched-solaris-x86, r-release-macos-x86_64, r-oldrel-macos-x86_64