CRAN Package Check Results for Package RPPanalyzer

Last updated on 2024-06-16 15:50:05 CEST.

Flavor Version Tinstall Tcheck Ttotal Status Flags
r-devel-linux-x86_64-debian-clang 1.4.9 20.01 164.02 184.03 OK
r-devel-linux-x86_64-debian-gcc 1.4.9 17.03 120.52 137.55 OK
r-devel-linux-x86_64-fedora-clang 1.4.9 236.12 NOTE
r-devel-linux-x86_64-fedora-gcc 1.4.9 228.50 OK
r-devel-windows-x86_64 1.4.9 18.00 148.00 166.00 NOTE
r-patched-linux-x86_64 1.4.9 16.51 157.24 173.75 OK
r-release-linux-x86_64 1.4.9 13.58 156.78 170.36 OK
r-release-macos-arm64 1.4.9 69.00 NOTE
r-release-macos-x86_64 1.4.9 134.00 NOTE
r-release-windows-x86_64 1.4.9 18.00 156.00 174.00 NOTE
r-oldrel-macos-arm64 1.4.9 73.00 NOTE
r-oldrel-macos-x86_64 1.4.9 170.00 NOTE
r-oldrel-windows-x86_64 1.4.9 25.00 179.00 204.00 NOTE

Check Details

Version: 1.4.9
Check: installed package size
Result: NOTE installed size is 5.4Mb sub-directories of 1Mb or more: extdata 4.6Mb Flavors: r-devel-linux-x86_64-fedora-clang, r-devel-windows-x86_64, r-release-macos-arm64, r-release-macos-x86_64, r-release-windows-x86_64, r-oldrel-macos-arm64, r-oldrel-macos-x86_64, r-oldrel-windows-x86_64