Last updated on 2022-06-28 03:51:42 CEST.
Flavor | Version | Tinstall | Tcheck | Ttotal | Status | Flags |
---|---|---|---|---|---|---|
r-devel-linux-x86_64-debian-clang | 1.0.8 | 15.34 | 130.58 | 145.92 | OK | |
r-devel-linux-x86_64-debian-gcc | 1.0.8 | 15.00 | 98.13 | 113.13 | OK | |
r-devel-linux-x86_64-fedora-clang | 1.0.8 | 185.85 | NOTE | |||
r-devel-linux-x86_64-fedora-gcc | 1.0.8 | 197.16 | NOTE | |||
r-devel-windows-x86_64 | 1.0.8 | 67.00 | 155.00 | 222.00 | OK | |
r-patched-linux-x86_64 | 1.0.8 | 18.60 | 125.43 | 144.03 | OK | |
r-release-linux-x86_64 | 1.0.8 | 19.95 | 123.92 | 143.87 | OK | |
r-release-macos-arm64 | 1.0.8 | 67.00 | NOTE | |||
r-release-macos-x86_64 | 1.0.8 | 72.00 | NOTE | |||
r-release-windows-x86_64 | 1.0.8 | 78.00 | 153.00 | 231.00 | OK | |
r-oldrel-macos-arm64 | 1.0.8 | 70.00 | NOTE | |||
r-oldrel-macos-x86_64 | 1.0.8 | 65.00 | NOTE | |||
r-oldrel-windows-ix86+x86_64 | 1.0.8 | 37.00 | 157.00 | 194.00 | OK |
Version: 1.0.8
Check: dependencies in R code
Result: NOTE
Namespaces in Imports field not imported from:
‘SparseM’ ‘nlme’ ‘timeDate’
All declared Imports should be used.
Flavors: r-devel-linux-x86_64-fedora-clang, r-devel-linux-x86_64-fedora-gcc, r-release-macos-arm64, r-release-macos-x86_64, r-oldrel-macos-arm64, r-oldrel-macos-x86_64