CRAN Package Check Results for Package RPANDA

Last updated on 2024-06-14 03:57:34 CEST.

Flavor Version Tinstall Tcheck Ttotal Status Flags
r-devel-linux-x86_64-debian-clang 2.3 99.71 764.86 864.57 OK
r-devel-linux-x86_64-debian-gcc 2.3 0.72 1.62 2.34 ERROR
r-devel-linux-x86_64-fedora-clang 2.3 1058.91 NOTE
r-devel-linux-x86_64-fedora-gcc 2.3 992.43 OK
r-devel-windows-x86_64 2.3 82.00 557.00 639.00 OK
r-patched-linux-x86_64 2.3 108.42 729.07 837.49 OK
r-release-linux-x86_64 2.3 83.23 733.00 816.23 OK
r-release-macos-arm64 2.3 233.00 OK
r-release-macos-x86_64 2.3 476.00 OK
r-release-windows-x86_64 2.3 79.00 545.00 624.00 OK
r-oldrel-macos-arm64 2.3 235.00 OK
r-oldrel-macos-x86_64 2.3 576.00 OK
r-oldrel-windows-x86_64 2.3 115.00 689.00 804.00 OK

Check Details

Version: 2.3
Check: package dependencies
Result: ERROR Packages required but not available: 'bipartite', 'geiger', 'igraph', 'mvMORPH', 'GUniFrac', 'phangorn', 'phytools' Package suggested but not available for checking: ‘testthat’ See section ‘The DESCRIPTION file’ in the ‘Writing R Extensions’ manual. Flavor: r-devel-linux-x86_64-debian-gcc

Version: 2.3
Check: package dependencies
Result: NOTE Imports includes 26 non-default packages. Importing from so many packages makes the package vulnerable to any of them becoming unavailable. Move as many as possible to Suggests and use conditionally. Flavor: r-devel-linux-x86_64-fedora-clang