CRAN Package Check Results for Package ROpenCVLite

Last updated on 2020-10-23 15:48:16 CEST.

Flavor Version Tinstall Tcheck Ttotal Status Flags
r-devel-linux-x86_64-debian-clang 4.30.2 2.31 23.68 25.99 OK
r-devel-linux-x86_64-debian-gcc 4.30.2 1.71 18.72 20.43 OK
r-devel-linux-x86_64-fedora-clang 4.30.2 40.22 OK
r-devel-linux-x86_64-fedora-gcc 4.30.2 31.49 OK
r-devel-windows-ix86+x86_64 4.30.2 6.00 41.00 47.00 OK
r-patched-linux-x86_64 4.30.2 1.92 23.07 24.99 OK
r-patched-solaris-x86 4.30.2 45.60 OK
r-release-linux-x86_64 4.30.2 2.38 23.15 25.53 OK
r-release-macos-x86_64 4.30.2 WARN
r-release-windows-ix86+x86_64 4.30.2 5.00 39.00 44.00 OK
r-oldrel-macos-x86_64 4.30.2 WARN
r-oldrel-windows-ix86+x86_64 4.30.2 4.00 40.00 44.00 OK

Check Details

Version: 4.30.2
Check: dependencies in R code
Result: NOTE
    sh: cmake: command not found
Flavors: r-release-macos-x86_64, r-oldrel-macos-x86_64

Version: 4.30.2
Check: S3 generic/method consistency
Result: WARN
    sh: cmake: command not found
    See section ‘Generic functions and methods’ in the ‘Writing R
    Extensions’ manual.
Flavors: r-release-macos-x86_64, r-oldrel-macos-x86_64

Version: 4.30.2
Check: replacement functions
Result: WARN
    sh: cmake: command not found
    The argument of a replacement function which corresponds to the right
    hand side must be named ‘value’.
Flavors: r-release-macos-x86_64, r-oldrel-macos-x86_64

Version: 4.30.2
Check: foreign function calls
Result: NOTE
    sh: cmake: command not found
    See chapter ‘System and foreign language interfaces’ in the ‘Writing R
    Extensions’ manual.
Flavors: r-release-macos-x86_64, r-oldrel-macos-x86_64

Version: 4.30.2
Check: for missing documentation entries
Result: WARN
    sh: cmake: command not found
    All user-level objects in a package should have documentation entries.
    See chapter ‘Writing R documentation files’ in the ‘Writing R
    Extensions’ manual.
Flavors: r-release-macos-x86_64, r-oldrel-macos-x86_64

Version: 4.30.2
Check: for code/documentation mismatches
Result: WARN
    sh: cmake: command not found
    sh: cmake: command not found
    sh: cmake: command not found
Flavors: r-release-macos-x86_64, r-oldrel-macos-x86_64

Version: 4.30.2
Check: Rd \usage sections
Result: NOTE
    sh: cmake: command not found
    The \usage entries for S3 methods should use the \method markup and not
    their full name.
    See chapter ‘Writing R documentation files’ in the ‘Writing R
    Extensions’ manual.
Flavors: r-release-macos-x86_64, r-oldrel-macos-x86_64