Last updated on 2023-02-06 15:57:27 CET.
Flavor | Version | Tinstall | Tcheck | Ttotal | Status | Flags |
---|---|---|---|---|---|---|
r-devel-linux-x86_64-debian-clang | 0.0-4 | 2.48 | 28.07 | 30.55 | OK | |
r-devel-linux-x86_64-debian-gcc | 0.0-4 | 2.27 | 21.41 | 23.68 | OK | |
r-devel-linux-x86_64-fedora-clang | 0.0-4 | 41.24 | NOTE | |||
r-devel-linux-x86_64-fedora-gcc | 0.0-4 | 39.58 | OK | |||
r-devel-windows-x86_64 | 0.0-4 | 12.00 | 57.00 | 69.00 | OK | |
r-patched-linux-x86_64 | 0.0-4 | 2.64 | 26.60 | 29.24 | OK | |
r-release-linux-x86_64 | 0.0-4 | 2.76 | 26.55 | 29.31 | OK | |
r-release-macos-arm64 | 0.0-4 | 15.00 | OK | |||
r-release-macos-x86_64 | 0.0-4 | 23.00 | OK | |||
r-release-windows-x86_64 | 0.0-4 | 15.00 | 62.00 | 77.00 | OK | |
r-oldrel-macos-arm64 | 0.0-4 | 16.00 | OK | |||
r-oldrel-macos-x86_64 | 0.0-4 | 22.00 | OK | |||
r-oldrel-windows-ix86+x86_64 | 0.0-4 | 6.00 | 50.00 | 56.00 | OK |
Version: 0.0-4
Check: Rd cross-references
Result: NOTE
Undeclared package ‘pROC’ in Rd xrefs
Flavor: r-devel-linux-x86_64-fedora-clang