CRAN Package Check Results for Package RNiftyReg

Last updated on 2022-08-10 15:51:34 CEST.

Flavor Version Tinstall Tcheck Ttotal Status Flags
r-devel-linux-x86_64-debian-clang 2.7.0 613.51 58.88 672.39 OK
r-devel-linux-x86_64-debian-gcc 2.7.0 403.41 49.53 452.94 OK
r-devel-linux-x86_64-fedora-clang 2.7.0 1058.45 NOTE
r-devel-linux-x86_64-fedora-gcc 2.7.0 791.79 OK
r-devel-windows-x86_64 2.7.0 381.00 110.00 491.00 NOTE
r-patched-linux-x86_64 2.7.0 436.57 64.02 500.59 OK
r-release-linux-x86_64 2.7.0 OK
r-release-macos-arm64 2.7.0 195.00 NOTE
r-release-macos-x86_64 2.7.0 221.00 NOTE
r-release-windows-x86_64 2.7.0 407.00 113.00 520.00 NOTE
r-oldrel-macos-arm64 2.7.0 199.00 NOTE
r-oldrel-macos-x86_64 2.7.0 315.00 NOTE
r-oldrel-windows-ix86+x86_64 2.7.0 1249.00 140.00 1389.00 NOTE

Check Details

Version: 2.7.0
Check: installed package size
Result: NOTE
     installed size is 85.2Mb
     sub-directories of 1Mb or more:
     extdata 2.0Mb
     libs 83.0Mb
Flavors: r-devel-linux-x86_64-fedora-clang, r-devel-windows-x86_64, r-release-macos-arm64, r-release-macos-x86_64, r-release-windows-x86_64, r-oldrel-macos-arm64, r-oldrel-macos-x86_64, r-oldrel-windows-ix86+x86_64