CRAN Package Check Results for Package RNCEP

Last updated on 2022-05-16 15:53:23 CEST.

Flavor Version Tinstall Tcheck Ttotal Status Flags
r-devel-linux-x86_64-debian-clang 1.0.10 26.66 144.88 171.54 OK
r-devel-linux-x86_64-debian-gcc 1.0.10 18.62 106.15 124.77 OK
r-devel-linux-x86_64-fedora-clang 1.0.10 202.55 NOTE
r-devel-linux-x86_64-fedora-gcc 1.0.10 211.79 OK
r-devel-windows-x86_64 1.0.10 23.00 121.00 144.00 OK
r-patched-linux-x86_64 1.0.10 27.27 137.45 164.72 OK
r-release-linux-x86_64 1.0.10 23.89 136.05 159.94 OK
r-release-macos-arm64 1.0.10 85.00 OK
r-release-macos-x86_64 1.0.10 150.00 OK
r-release-windows-x86_64 1.0.10 24.00 123.00 147.00 OK
r-oldrel-macos-arm64 1.0.10 73.00 OK
r-oldrel-macos-x86_64 1.0.10 91.00 OK
r-oldrel-windows-ix86+x86_64 1.0.10 34.00 124.00 158.00 OK

Check Details

Version: 1.0.10
Check: Rd cross-references
Result: NOTE
    Undeclared packages ‘fossil’, ‘raster’ in Rd xrefs
Flavor: r-devel-linux-x86_64-fedora-clang