Last updated on 2023-06-03 15:55:35 CEST.
Flavor | Version | Tinstall | Tcheck | Ttotal | Status | Flags |
---|---|---|---|---|---|---|
r-devel-linux-x86_64-debian-clang | 0.1.4 | 38.99 | 482.12 | 521.11 | OK | |
r-devel-linux-x86_64-debian-gcc | 0.1.4 | 29.12 | 368.66 | 397.78 | OK | |
r-devel-linux-x86_64-fedora-clang | 0.1.4 | 662.27 | NOTE | |||
r-devel-linux-x86_64-fedora-gcc | 0.1.4 | 696.73 | OK | |||
r-devel-windows-x86_64 | 0.1.4 | 31.00 | 372.00 | 403.00 | NOTE | |
r-patched-linux-x86_64 | 0.1.4 | OK | ||||
r-release-linux-x86_64 | 0.1.4 | 31.63 | 482.99 | 514.62 | OK | |
r-release-macos-arm64 | 0.1.4 | 6.00 | ERROR | |||
r-release-macos-x86_64 | 0.1.4 | 334.00 | NOTE | |||
r-release-windows-x86_64 | 0.1.4 | 40.00 | 482.00 | 522.00 | NOTE | |
r-oldrel-macos-arm64 | 0.1.4 | 190.00 | NOTE | |||
r-oldrel-macos-x86_64 | 0.1.4 | 260.00 | NOTE | |||
r-oldrel-windows-x86_64 | 0.1.4 | 48.00 | 566.00 | 614.00 | NOTE |
Version: 0.1.4
Check: package dependencies
Result: NOTE
Imports includes 24 non-default packages.
Importing from so many packages makes the package vulnerable to any of
them becoming unavailable. Move as many as possible to Suggests and
use conditionally.
Flavor: r-devel-linux-x86_64-fedora-clang
Version: 0.1.4
Check: installed package size
Result: NOTE
installed size is 5.9Mb
sub-directories of 1Mb or more:
data 3.5Mb
doc 2.2Mb
Flavors: r-devel-linux-x86_64-fedora-clang, r-devel-windows-x86_64, r-release-macos-x86_64, r-release-windows-x86_64, r-oldrel-macos-arm64, r-oldrel-macos-x86_64, r-oldrel-windows-x86_64
Version: 0.1.4
Check: package dependencies
Result: ERROR
Package required but not available: ‘AnnotationHub’
Package suggested but not available for checking: ‘recount3’
See section ‘The DESCRIPTION file’ in the ‘Writing R Extensions’
manual.
Flavor: r-release-macos-arm64
Version: 0.1.4
Check: package dependencies
Result: NOTE
Package suggested but not available for checking: ‘recount3’
Flavors: r-release-macos-x86_64, r-oldrel-macos-arm64, r-oldrel-macos-x86_64