Last updated on 2022-07-06 03:52:25 CEST.
Flavor | Version | Tinstall | Tcheck | Ttotal | Status | Flags |
---|---|---|---|---|---|---|
r-devel-linux-x86_64-debian-clang | 1.1.4 | 4.90 | 44.04 | 48.94 | NOTE | |
r-devel-linux-x86_64-debian-gcc | 1.1.4 | 3.64 | 34.46 | 38.10 | NOTE | |
r-devel-linux-x86_64-fedora-clang | 1.1.4 | 73.05 | OK | |||
r-devel-linux-x86_64-fedora-gcc | 1.1.4 | 70.82 | OK | |||
r-devel-windows-x86_64 | 1.1.4 | 11.00 | 72.00 | 83.00 | OK | |
r-patched-linux-x86_64 | 1.1.4 | 7.28 | 43.05 | 50.33 | OK | |
r-release-linux-x86_64 | 1.1.4 | 4.55 | 43.05 | 47.60 | OK | |
r-release-macos-arm64 | 1.1.4 | 22.00 | OK | |||
r-release-macos-x86_64 | 1.1.4 | 31.00 | OK | |||
r-release-windows-x86_64 | 1.1.4 | 28.00 | 72.00 | 100.00 | OK | |
r-oldrel-macos-arm64 | 1.1.4 | 28.00 | OK | |||
r-oldrel-macos-x86_64 | 1.1.4 | 45.00 | OK | |||
r-oldrel-windows-ix86+x86_64 | 1.1.4 | 9.00 | 69.00 | 78.00 | OK |
Version: 1.1.4
Check: HTML version of manual
Result: NOTE
Found the following problems:
medci.Rd:130:38: Warning: nested emphasis <code>
Flavors: r-devel-linux-x86_64-debian-clang, r-devel-linux-x86_64-debian-gcc