CRAN Package Check Results for Package RMariaDB

Last updated on 2020-08-10 15:48:07 CEST.

Flavor Version Tinstall Tcheck Ttotal Status Flags
r-devel-linux-x86_64-debian-clang 1.0.9 122.12 41.18 163.30 OK
r-devel-linux-x86_64-debian-gcc 1.0.9 83.05 31.37 114.42 OK
r-devel-linux-x86_64-fedora-clang 1.0.9 230.06 OK
r-devel-linux-x86_64-fedora-gcc 1.0.9 200.82 OK
r-devel-windows-ix86+x86_64 1.0.9 546.00 187.00 733.00 NOTE
r-patched-linux-x86_64 1.0.9 83.46 40.16 123.62 OK
r-patched-solaris-x86 1.0.9 205.90 OK
r-release-linux-x86_64 1.0.9 82.06 39.90 121.96 OK
r-release-macos-x86_64 1.0.9 NOTE
r-release-windows-ix86+x86_64 1.0.9 568.00 191.00 759.00 NOTE
r-oldrel-macos-x86_64 1.0.9 NOTE
r-oldrel-windows-ix86+x86_64 1.0.9 392.00 154.00 546.00 NOTE

Check Details

Version: 1.0.9
Check: installed package size
Result: NOTE
     installed size is 8.7Mb
     sub-directories of 1Mb or more:
     libs 8.3Mb
Flavors: r-devel-windows-ix86+x86_64, r-release-macos-x86_64, r-release-windows-ix86+x86_64, r-oldrel-macos-x86_64, r-oldrel-windows-ix86+x86_64