CRAN Package Check Results for Package RMariaDB

Last updated on 2020-10-25 03:50:36 CET.

Flavor Version Tinstall Tcheck Ttotal Status Flags
r-devel-linux-x86_64-debian-clang 1.0.10 135.29 42.87 178.16 OK
r-devel-linux-x86_64-debian-gcc 1.0.10 83.29 32.72 116.01 OK
r-devel-linux-x86_64-fedora-clang 1.0.10 239.77 OK
r-devel-linux-x86_64-fedora-gcc 1.0.10 203.70 OK
r-devel-windows-ix86+x86_64 1.0.10 503.00 176.00 679.00 NOTE
r-patched-linux-x86_64 1.0.10 101.12 40.24 141.36 OK
r-patched-solaris-x86 1.0.10 192.30 OK
r-release-linux-x86_64 1.0.10 112.20 40.16 152.36 OK
r-release-macos-x86_64 1.0.10 NOTE
r-release-windows-ix86+x86_64 1.0.10 399.00 152.00 551.00 NOTE
r-oldrel-macos-x86_64 1.0.10 NOTE
r-oldrel-windows-ix86+x86_64 1.0.10 480.00 180.00 660.00 NOTE

Check Details

Version: 1.0.10
Check: installed package size
Result: NOTE
     installed size is 8.7Mb
     sub-directories of 1Mb or more:
     libs 8.3Mb
Flavors: r-devel-windows-ix86+x86_64, r-release-macos-x86_64, r-release-windows-ix86+x86_64, r-oldrel-macos-x86_64, r-oldrel-windows-ix86+x86_64