CRAN Package Check Results for Package RLumCarlo

Last updated on 2025-01-18 04:48:35 CET.

Flavor Version Tinstall Tcheck Ttotal Status Flags
r-devel-linux-x86_64-debian-clang 0.1.9 105.28 42.27 147.55 NOTE
r-devel-linux-x86_64-debian-gcc 0.1.9 72.25 32.12 104.37 NOTE
r-devel-linux-x86_64-fedora-clang 0.1.9 305.93 NOTE
r-devel-linux-x86_64-fedora-gcc 0.1.9 312.15 NOTE
r-devel-windows-x86_64 0.1.9 115.00 93.00 208.00 NOTE
r-patched-linux-x86_64 0.1.9 104.18 40.46 144.64 NOTE
r-release-linux-x86_64 0.1.9 101.90 39.86 141.76 NOTE
r-release-macos-arm64 0.1.9 72.00 NOTE
r-release-macos-x86_64 0.1.9 114.00 NOTE
r-release-windows-x86_64 0.1.9 115.00 94.00 209.00 NOTE
r-oldrel-macos-arm64 0.1.9 83.00 NOTE
r-oldrel-macos-x86_64 0.1.9 141.00 NOTE
r-oldrel-windows-x86_64 0.1.9 130.00 110.00 240.00 NOTE

Check Details

Version: 0.1.9
Check: C++ specification
Result: NOTE Specified C++11: please drop specification unless essential Flavors: r-devel-linux-x86_64-debian-clang, r-devel-linux-x86_64-debian-gcc, r-devel-linux-x86_64-fedora-clang, r-devel-linux-x86_64-fedora-gcc, r-devel-windows-x86_64, r-patched-linux-x86_64, r-release-linux-x86_64, r-release-macos-arm64, r-release-macos-x86_64, r-release-windows-x86_64, r-oldrel-macos-arm64, r-oldrel-macos-x86_64, r-oldrel-windows-x86_64