CRAN Package Check Results for Package RLumCarlo

Last updated on 2024-07-16 03:54:31 CEST.

Flavor Version Tinstall Tcheck Ttotal Status Flags
r-devel-linux-x86_64-debian-clang 0.1.9 196.53 52.90 249.43 NOTE
r-devel-linux-x86_64-debian-gcc 0.1.9 120.95 40.06 161.01 NOTE
r-devel-linux-x86_64-fedora-clang 0.1.9 381.04 NOTE
r-devel-linux-x86_64-fedora-gcc 0.1.9 379.99 NOTE
r-devel-windows-x86_64 0.1.9 147.00 97.00 244.00 NOTE
r-patched-linux-x86_64 0.1.9 154.58 51.44 206.02 NOTE
r-release-linux-x86_64 0.1.9 152.78 50.23 203.01 NOTE
r-release-macos-arm64 0.1.9 72.00 NOTE
r-release-macos-x86_64 0.1.9 114.00 NOTE
r-release-windows-x86_64 0.1.9 144.00 91.00 235.00 NOTE
r-oldrel-macos-arm64 0.1.9 83.00 NOTE
r-oldrel-macos-x86_64 0.1.9 141.00 NOTE
r-oldrel-windows-x86_64 0.1.9 178.00 105.00 283.00 NOTE

Check Details

Version: 0.1.9
Check: C++ specification
Result: NOTE Specified C++11: please drop specification unless essential Flavors: r-devel-linux-x86_64-debian-clang, r-devel-linux-x86_64-debian-gcc, r-devel-linux-x86_64-fedora-clang, r-devel-linux-x86_64-fedora-gcc, r-devel-windows-x86_64, r-patched-linux-x86_64, r-release-linux-x86_64, r-release-macos-arm64, r-release-macos-x86_64, r-release-windows-x86_64, r-oldrel-macos-arm64, r-oldrel-macos-x86_64, r-oldrel-windows-x86_64