CRAN Package Check Results for Package RLogicalOps

Last updated on 2022-12-08 15:53:37 CET.

Flavor Version Tinstall Tcheck Ttotal Status Flags
r-devel-linux-x86_64-debian-clang 0.1 1.55 21.60 23.15 NOTE
r-devel-linux-x86_64-debian-gcc 0.1 1.65 17.32 18.97 NOTE
r-devel-linux-x86_64-fedora-clang 0.1 39.32 NOTE
r-devel-linux-x86_64-fedora-gcc 0.1 39.11 NOTE
r-devel-windows-x86_64 0.1 7.00 50.00 57.00 NOTE
r-patched-linux-x86_64 0.1 2.08 21.35 23.43 NOTE
r-release-linux-x86_64 0.1 1.77 21.05 22.82 NOTE
r-release-macos-arm64 0.1 15.00 NOTE
r-release-macos-x86_64 0.1 19.00 NOTE
r-release-windows-x86_64 0.1 8.00 49.00 57.00 NOTE
r-oldrel-macos-arm64 0.1 17.00 NOTE
r-oldrel-macos-x86_64 0.1 24.00 NOTE
r-oldrel-windows-ix86+x86_64 0.1 5.00 45.00 50.00 NOTE

Check Details

Version: 0.1
Check: LazyData
Result: NOTE
     'LazyData' is specified without a 'data' directory
Flavors: r-devel-linux-x86_64-debian-clang, r-devel-linux-x86_64-debian-gcc, r-devel-linux-x86_64-fedora-clang, r-devel-linux-x86_64-fedora-gcc, r-devel-windows-x86_64, r-patched-linux-x86_64, r-release-linux-x86_64, r-release-macos-arm64, r-release-macos-x86_64, r-release-windows-x86_64, r-oldrel-macos-arm64, r-oldrel-macos-x86_64, r-oldrel-windows-ix86+x86_64