Last updated on 2021-01-26 15:49:55 CET.
Flavor | Version | Tinstall | Tcheck | Ttotal | Status | Flags |
---|---|---|---|---|---|---|
r-devel-linux-x86_64-debian-clang | 1.1 | 225.58 | 31.93 | 257.51 | OK | |
r-devel-linux-x86_64-debian-gcc | 1.1 | 166.10 | 28.14 | 194.24 | OK | |
r-devel-linux-x86_64-fedora-clang | 1.1 | 372.16 | NOTE | |||
r-devel-linux-x86_64-fedora-gcc | 1.1 | 347.37 | OK | |||
r-devel-windows-ix86+x86_64 | 1.1 | 490.00 | 104.00 | 594.00 | OK | |
r-patched-linux-x86_64 | 1.1 | 194.11 | 34.43 | 228.54 | OK | |
r-patched-solaris-x86 | 1.1 | 287.40 | OK | |||
r-release-linux-x86_64 | 1.1 | 184.84 | 34.22 | 219.06 | OK | |
r-release-macos-x86_64 | 1.1 | NOTE | ||||
r-release-windows-ix86+x86_64 | 1.1 | 500.00 | 80.00 | 580.00 | OK | |
r-oldrel-macos-x86_64 | 1.1 | NOTE | ||||
r-oldrel-windows-ix86+x86_64 | 1.1 | 375.00 | 86.00 | 461.00 | OK |
Version: 1.1
Check: installed package size
Result: NOTE
installed size is 23.3Mb
sub-directories of 1Mb or more:
libs 23.2Mb
Flavors: r-devel-linux-x86_64-fedora-clang, r-release-macos-x86_64, r-oldrel-macos-x86_64