CRAN Package Check Results for Package RJDemetra

Last updated on 2022-08-19 03:57:43 CEST.

Flavor Version Tinstall Tcheck Ttotal Status Flags
r-devel-linux-x86_64-debian-clang 0.2.0 9.84 88.26 98.10 OK
r-devel-linux-x86_64-debian-gcc 0.2.0 10.61 65.61 76.22 OK
r-devel-linux-x86_64-fedora-clang 0.2.0 129.19 NOTE
r-devel-linux-x86_64-fedora-gcc 0.2.0 129.91 OK
r-devel-windows-x86_64 0.2.0 86.00 110.00 196.00 NOTE
r-patched-linux-x86_64 0.2.0 12.10 82.52 94.62 OK
r-release-linux-x86_64 0.2.0 OK
r-release-macos-arm64 0.2.0 32.00 NOTE
r-release-macos-x86_64 0.2.0 45.00 NOTE
r-release-windows-x86_64 0.2.0 80.00 103.00 183.00 NOTE
r-oldrel-macos-arm64 0.2.0 33.00 NOTE
r-oldrel-macos-x86_64 0.2.0 44.00 NOTE
r-oldrel-windows-ix86+x86_64 0.2.0 21.00 100.00 121.00 NOTE

Check Details

Version: 0.2.0
Check: installed package size
Result: NOTE
     installed size is 5.1Mb
     sub-directories of 1Mb or more:
     java 4.2Mb
Flavors: r-devel-linux-x86_64-fedora-clang, r-devel-windows-x86_64, r-release-macos-arm64, r-release-macos-x86_64, r-release-windows-x86_64, r-oldrel-macos-arm64, r-oldrel-macos-x86_64, r-oldrel-windows-ix86+x86_64