CRAN Package Check Results for Package RInno

Last updated on 2020-10-01 15:48:37 CEST.

Flavor Version Tinstall Tcheck Ttotal Status Flags
r-devel-windows-ix86+x86_64 1.0.1 11.00 179.00 190.00 OK
r-release-windows-ix86+x86_64 1.0.1 10.00 178.00 188.00 OK
r-oldrel-macos-x86_64 1.0.1 NOTE
r-oldrel-windows-ix86+x86_64 1.0.1 8.00 307.00 315.00 OK

Check Details

Version: 1.0.1
Check: dependencies in R code
Result: NOTE
    Namespaces in Imports field not imported from:
     ‘httr’ ‘remotes’ ‘rmarkdown’ ‘shiny’
     All declared Imports should be used.
Flavor: r-oldrel-macos-x86_64

Version: 1.0.1
Check: Rd cross-references
Result: NOTE
    Package unavailable to check Rd xrefs: ‘installr’
Flavor: r-oldrel-macos-x86_64