CRAN Package Check Results for Package RI2by2

Last updated on 2024-07-24 15:51:47 CEST.

Flavor Version Tinstall Tcheck Ttotal Status Flags
r-devel-linux-x86_64-debian-clang 1.4 14.39 34.84 49.23 OK
r-devel-linux-x86_64-debian-gcc 1.4 11.20 27.44 38.64 OK
r-devel-linux-x86_64-fedora-clang 1.4 82.47 NOTE
r-devel-linux-x86_64-fedora-gcc 1.4 73.15 NOTE
r-devel-windows-x86_64 1.4 15.00 74.00 89.00 OK
r-patched-linux-x86_64 1.4 16.95 34.79 51.74 OK
r-release-linux-x86_64 1.4 14.41 35.05 49.46 OK
r-release-macos-arm64 1.4 24.00 OK
r-release-macos-x86_64 1.4 34.00 OK
r-release-windows-x86_64 1.4 19.00 72.00 91.00 OK
r-oldrel-macos-arm64 1.4 30.00 OK
r-oldrel-macos-x86_64 1.4 60.00 OK
r-oldrel-windows-x86_64 1.4 13.00 81.00 94.00 OK

Check Details

Version: 1.4
Check: compiled code
Result: NOTE File ‘RI2by2/libs/RI2by2.so’: Found no calls to: ‘R_registerRoutines’, ‘R_useDynamicSymbols’ It is good practice to register native routines and to disable symbol search. See ‘Writing portable packages’ in the ‘Writing R Extensions’ manual. Flavors: r-devel-linux-x86_64-fedora-clang, r-devel-linux-x86_64-fedora-gcc