CRAN Package Check Results for Package REREFACT

Last updated on 2020-11-25 15:52:06 CET.

Flavor Version Tinstall Tcheck Ttotal Status Flags
r-devel-linux-x86_64-debian-clang 1.0 9.34 77.75 87.09 NOTE
r-devel-linux-x86_64-debian-gcc 1.0 7.75 61.12 68.87 NOTE
r-devel-linux-x86_64-fedora-clang 1.0 111.15 NOTE
r-devel-linux-x86_64-fedora-gcc 1.0 102.41 NOTE
r-devel-windows-ix86+x86_64 1.0 18.00 83.00 101.00 OK
r-patched-linux-x86_64 1.0 8.72 75.21 83.93 NOTE
r-patched-solaris-x86 1.0 140.40 NOTE
r-release-linux-x86_64 1.0 8.95 73.66 82.61 NOTE
r-release-macos-x86_64 1.0 OK
r-release-windows-ix86+x86_64 1.0 18.00 101.00 119.00 OK
r-oldrel-macos-x86_64 1.0 OK
r-oldrel-windows-ix86+x86_64 1.0 13.00 71.00 84.00 OK

Check Details

Version: 1.0
Check: for non-standard things in the check directory
Result: NOTE
    Found the following files/directories:
     'P.csv' 'correct_alpha.csv' 'correct_beta.csv' 'correct_gamma.csv'
     'correct_lambda.csv' 'correct_perm_list.csv' 'correct_psi.csv'
Flavors: r-devel-linux-x86_64-debian-clang, r-devel-linux-x86_64-debian-gcc, r-devel-linux-x86_64-fedora-clang, r-devel-linux-x86_64-fedora-gcc, r-patched-linux-x86_64, r-patched-solaris-x86, r-release-linux-x86_64