CRAN Package Check Results for Package RDStreeboot

Last updated on 2021-09-19 03:51:25 CEST.

Flavor Version Tinstall Tcheck Ttotal Status Flags
r-devel-linux-x86_64-debian-clang 1.0 1.97 25.17 27.14 OK
r-devel-linux-x86_64-debian-gcc 1.0 1.58 19.55 21.13 OK
r-devel-linux-x86_64-fedora-clang 1.0 42.41 OK
r-devel-linux-x86_64-fedora-gcc 1.0 30.95 OK
r-devel-windows-x86_64 1.0 7.00 32.00 39.00 OK
r-devel-windows-x86_64-gcc10-UCRT 1.0 ERROR
r-patched-linux-x86_64 1.0 1.77 24.85 26.62 OK
r-patched-solaris-x86 1.0 51.30 OK
r-release-linux-x86_64 1.0 1.82 24.38 26.20 OK
r-release-macos-arm64 1.0 OK
r-release-macos-x86_64 1.0 OK
r-release-windows-ix86+x86_64 1.0 5.00 35.00 40.00 OK
r-oldrel-macos-x86_64 1.0 OK
r-oldrel-windows-ix86+x86_64 1.0 4.00 34.00 38.00 OK

Check Details

Version: 1.0
Check: whether package can be installed
Result: WARN
    Found the following significant warnings:
     WARNING: installation-time patches will not be applied, could not get the patches index
Flavor: r-devel-windows-x86_64-gcc10-UCRT

Version: 1.0
Check: PDF version of manual
Result: WARN
    LaTeX errors when creating PDF version.
    This typically indicates Rd problems.
Flavor: r-devel-windows-x86_64-gcc10-UCRT

Version: 1.0
Check: PDF version of manual without hyperrefs or index
Result: ERROR
    Re-running with no redirection of stdout/stderr.
Flavor: r-devel-windows-x86_64-gcc10-UCRT