CRAN Package Check Results for Package RDML

Last updated on 2022-06-26 03:50:10 CEST.

Flavor Version Tinstall Tcheck Ttotal Status Flags
r-devel-linux-x86_64-debian-clang 1.0 30.63 60.82 91.45 NOTE
r-devel-linux-x86_64-debian-gcc 1.0 26.36 45.78 72.14 NOTE
r-devel-linux-x86_64-fedora-clang 1.0 131.22 NOTE
r-devel-linux-x86_64-fedora-gcc 1.0 137.87 NOTE
r-devel-windows-x86_64 1.0 54.00 89.00 143.00 NOTE
r-patched-linux-x86_64 1.0 31.30 58.27 89.57 NOTE
r-release-linux-x86_64 1.0 33.27 58.57 91.84 NOTE
r-release-macos-arm64 1.0 35.00 NOTE
r-release-macos-x86_64 1.0 64.00 NOTE
r-release-windows-x86_64 1.0 51.00 87.00 138.00 NOTE
r-oldrel-macos-arm64 1.0 41.00 NOTE
r-oldrel-macos-x86_64 1.0 69.00 NOTE
r-oldrel-windows-ix86+x86_64 1.0 56.00 81.00 137.00 NOTE

Check Details

Version: 1.0
Check: LazyData
Result: NOTE
     'LazyData' is specified without a 'data' directory
Flavors: r-devel-linux-x86_64-debian-clang, r-devel-linux-x86_64-debian-gcc, r-devel-linux-x86_64-fedora-clang, r-devel-linux-x86_64-fedora-gcc, r-devel-windows-x86_64, r-patched-linux-x86_64, r-release-linux-x86_64, r-release-macos-arm64, r-release-macos-x86_64, r-release-windows-x86_64, r-oldrel-macos-arm64, r-oldrel-macos-x86_64, r-oldrel-windows-ix86+x86_64