CRAN Package Check Results for Package RClimacell

Last updated on 2022-08-12 03:53:36 CEST.

Flavor Version Tinstall Tcheck Ttotal Status Flags
r-devel-linux-x86_64-debian-clang 0.1.4 6.37 61.42 67.79 NOTE
r-devel-linux-x86_64-debian-gcc 0.1.4 5.66 44.69 50.35 NOTE
r-devel-linux-x86_64-fedora-clang 0.1.4 90.73 NOTE
r-devel-linux-x86_64-fedora-gcc 0.1.4 92.46 NOTE
r-devel-windows-x86_64 0.1.4 18.00 86.00 104.00 NOTE
r-patched-linux-x86_64 0.1.4 6.90 56.90 63.80 NOTE
r-release-linux-x86_64 0.1.4 7.09 56.41 63.50 NOTE
r-release-macos-arm64 0.1.4 29.00 NOTE
r-release-macos-x86_64 0.1.4 46.00 NOTE
r-release-windows-x86_64 0.1.4 21.00 85.00 106.00 NOTE
r-oldrel-macos-arm64 0.1.4 29.00 NOTE
r-oldrel-macos-x86_64 0.1.4 42.00 NOTE
r-oldrel-windows-ix86+x86_64 0.1.4 17.00 80.00 97.00 NOTE

Check Details

Version: 0.1.4
Check: LazyData
Result: NOTE
     'LazyData' is specified without a 'data' directory
Flavors: r-devel-linux-x86_64-debian-clang, r-devel-linux-x86_64-debian-gcc, r-devel-linux-x86_64-fedora-clang, r-devel-linux-x86_64-fedora-gcc, r-devel-windows-x86_64, r-patched-linux-x86_64, r-release-linux-x86_64, r-release-macos-arm64, r-release-macos-x86_64, r-release-windows-x86_64, r-oldrel-macos-arm64, r-oldrel-macos-x86_64, r-oldrel-windows-ix86+x86_64