CRAN Package Check Results for Package RClimacell

Last updated on 2024-06-18 03:57:19 CEST.

Flavor Version Tinstall Tcheck Ttotal Status Flags
r-devel-linux-x86_64-debian-clang 0.1.4 5.98 58.59 64.57 NOTE
r-devel-linux-x86_64-debian-gcc 0.1.4 5.46 43.51 48.97 NOTE
r-devel-linux-x86_64-fedora-clang 0.1.4 84.23 NOTE
r-devel-linux-x86_64-fedora-gcc 0.1.4 89.66 NOTE
r-devel-windows-x86_64 0.1.4 6.00 62.00 68.00 NOTE
r-patched-linux-x86_64 0.1.4 6.03 54.43 60.46 NOTE
r-release-linux-x86_64 0.1.4 4.32 56.63 60.95 NOTE
r-release-macos-arm64 0.1.4 37.00 NOTE
r-release-macos-x86_64 0.1.4 66.00 NOTE
r-release-windows-x86_64 0.1.4 7.00 62.00 69.00 NOTE
r-oldrel-macos-arm64 0.1.4 35.00 NOTE
r-oldrel-macos-x86_64 0.1.4 51.00 NOTE
r-oldrel-windows-x86_64 0.1.4 8.00 70.00 78.00 NOTE

Check Details

Version: 0.1.4
Check: LazyData
Result: NOTE 'LazyData' is specified without a 'data' directory Flavors: r-devel-linux-x86_64-debian-clang, r-devel-linux-x86_64-debian-gcc, r-devel-linux-x86_64-fedora-clang, r-devel-linux-x86_64-fedora-gcc, r-devel-windows-x86_64, r-patched-linux-x86_64, r-release-linux-x86_64, r-release-macos-arm64, r-release-macos-x86_64, r-release-windows-x86_64, r-oldrel-macos-arm64, r-oldrel-macos-x86_64, r-oldrel-windows-x86_64