CRAN Package Check Results for Package RChronoModel

Last updated on 2020-10-23 15:48:15 CEST.

Flavor Version Tinstall Tcheck Ttotal Status Flags
r-devel-linux-x86_64-debian-clang 0.4 3.89 44.67 48.56 NOTE
r-devel-linux-x86_64-debian-gcc 0.4 3.07 35.64 38.71 NOTE
r-devel-linux-x86_64-fedora-clang 0.4 66.35 NOTE
r-devel-linux-x86_64-fedora-gcc 0.4 59.04 NOTE
r-devel-windows-ix86+x86_64 0.4 7.00 65.00 72.00 OK
r-patched-linux-x86_64 0.4 3.66 43.87 47.53 NOTE
r-patched-solaris-x86 0.4 92.80 NOTE
r-release-linux-x86_64 0.4 3.51 44.38 47.89 NOTE
r-release-macos-x86_64 0.4 OK
r-release-windows-ix86+x86_64 0.4 25.00 67.00 92.00 OK
r-oldrel-macos-x86_64 0.4 OK
r-oldrel-windows-ix86+x86_64 0.4 6.00 52.00 58.00 OK

Check Details

Version: 0.4
Check: for non-standard things in the check directory
Result: NOTE
    Found the following files/directories:
     'data.csv'
Flavors: r-devel-linux-x86_64-debian-clang, r-devel-linux-x86_64-debian-gcc, r-devel-linux-x86_64-fedora-clang, r-devel-linux-x86_64-fedora-gcc, r-patched-linux-x86_64, r-patched-solaris-x86, r-release-linux-x86_64