CRAN Package Check Results for Package RBesT

Last updated on 2020-11-30 03:47:50 CET.

Flavor Version Tinstall Tcheck Ttotal Status Flags
r-devel-linux-x86_64-debian-clang 1.6-1 194.74 376.29 571.03 NOTE
r-devel-linux-x86_64-debian-gcc 1.6-1 256.70 268.26 524.96 NOTE
r-devel-linux-x86_64-fedora-clang 1.6-1 648.28 NOTE
r-devel-linux-x86_64-fedora-gcc 1.6-1 671.71 NOTE
r-devel-windows-ix86+x86_64 1.6-1 325.00 507.00 832.00 NOTE
r-patched-linux-x86_64 1.6-1 211.23 355.41 566.64 NOTE
r-patched-solaris-x86 1.6-1 720.70 NOTE
r-release-linux-x86_64 1.6-1 206.03 353.64 559.67 NOTE
r-release-macos-x86_64 1.6-1 NOTE
r-release-windows-ix86+x86_64 1.6-1 257.00 409.00 666.00 NOTE
r-oldrel-macos-x86_64 1.6-1 NOTE
r-oldrel-windows-ix86+x86_64 1.6-1 238.00 467.00 705.00 NOTE

Check Details

Version: 1.6-1
Check: for GNU extensions in Makefiles
Result: NOTE
    GNU make is a SystemRequirements.
Flavors: r-devel-linux-x86_64-debian-clang, r-devel-linux-x86_64-debian-gcc, r-devel-linux-x86_64-fedora-clang, r-devel-linux-x86_64-fedora-gcc, r-devel-windows-ix86+x86_64, r-patched-linux-x86_64, r-patched-solaris-x86, r-release-linux-x86_64, r-release-macos-x86_64, r-release-windows-ix86+x86_64, r-oldrel-macos-x86_64, r-oldrel-windows-ix86+x86_64

Version: 1.6-1
Check: installed package size
Result: NOTE
     installed size is 39.4Mb
     sub-directories of 1Mb or more:
     doc 1.9Mb
     libs 36.6Mb
Flavors: r-devel-linux-x86_64-fedora-clang, r-devel-windows-ix86+x86_64, r-patched-solaris-x86, r-release-macos-x86_64, r-release-windows-ix86+x86_64, r-oldrel-macos-x86_64, r-oldrel-windows-ix86+x86_64