CRAN Package Check Results for Package RBaseX

Last updated on 2024-07-19 16:57:32 CEST.

Flavor Version Tinstall Tcheck Ttotal Status Flags
r-devel-linux-x86_64-debian-clang 1.1.2 11.88 60.54 72.42 NOTE
r-devel-linux-x86_64-debian-gcc 1.1.2 7.47 46.70 54.17 NOTE
r-devel-linux-x86_64-fedora-clang 1.1.2 89.77 NOTE
r-devel-linux-x86_64-fedora-gcc 1.1.2 83.61 NOTE
r-devel-windows-x86_64 1.1.2 10.00 106.00 116.00 NOTE
r-patched-linux-x86_64 1.1.2 6.47 58.37 64.84 NOTE
r-release-linux-x86_64 1.1.2 10.33 59.14 69.47 NOTE
r-release-macos-arm64 1.1.2 29.00 NOTE
r-release-macos-x86_64 1.1.2 43.00 NOTE
r-release-windows-x86_64 1.1.2 9.00 105.00 114.00 NOTE
r-oldrel-macos-arm64 1.1.2 31.00 OK
r-oldrel-macos-x86_64 1.1.2 45.00 OK
r-oldrel-windows-x86_64 1.1.2 11.00 118.00 129.00 OK

Check Details

Version: 1.1.2
Check: Rd files
Result: NOTE checkRd: (-1) Add.Rd:19: Lost braces in \itemize; \value handles \item{}{} directly checkRd: (-1) Add.Rd:20: Lost braces in \itemize; \value handles \item{}{} directly checkRd: (-1) Close.Rd:15: Lost braces in \itemize; \value handles \item{}{} directly checkRd: (-1) Close.Rd:16: Lost braces in \itemize; \value handles \item{}{} directly checkRd: (-1) Command.Rd:18: Lost braces in \itemize; \value handles \item{}{} directly checkRd: (-1) Command.Rd:19: Lost braces in \itemize; \value handles \item{}{} directly checkRd: (-1) Create.Rd:19: Lost braces in \itemize; \value handles \item{}{} directly checkRd: (-1) Create.Rd:20: Lost braces in \itemize; \value handles \item{}{} directly checkRd: (-1) Execute.Rd:18: Lost braces in \itemize; \value handles \item{}{} directly checkRd: (-1) Execute.Rd:19: Lost braces in \itemize; \value handles \item{}{} directly checkRd: (-1) Info.Rd:15: Lost braces in \itemize; \value handles \item{}{} directly checkRd: (-1) Info.Rd:16: Lost braces in \itemize; \value handles \item{}{} directly checkRd: (-1) Options.Rd:15: Lost braces in \itemize; \value handles \item{}{} directly checkRd: (-1) Options.Rd:16: Lost braces in \itemize; \value handles \item{}{} directly checkRd: (-1) Replace.Rd:19: Lost braces in \itemize; \value handles \item{}{} directly checkRd: (-1) Replace.Rd:20: Lost braces in \itemize; \value handles \item{}{} directly checkRd: (-1) Store.Rd:19: Lost braces in \itemize; \value handles \item{}{} directly checkRd: (-1) Store.Rd:20: Lost braces in \itemize; \value handles \item{}{} directly checkRd: (-1) Updating.Rd:15: Lost braces in \itemize; \value handles \item{}{} directly checkRd: (-1) Updating.Rd:16: Lost braces in \itemize; \value handles \item{}{} directly checkRd: (-1) put.Rd:19: Lost braces in \itemize; \value handles \item{}{} directly checkRd: (-1) put.Rd:20: Lost braces in \itemize; \value handles \item{}{} directly checkRd: (-1) putBinary.Rd:19: Lost braces in \itemize; \value handles \item{}{} directly checkRd: (-1) putBinary.Rd:20: Lost braces in \itemize; \value handles \item{}{} directly Flavors: r-devel-linux-x86_64-debian-clang, r-devel-linux-x86_64-debian-gcc, r-devel-linux-x86_64-fedora-clang, r-devel-linux-x86_64-fedora-gcc, r-devel-windows-x86_64, r-patched-linux-x86_64, r-release-linux-x86_64, r-release-macos-arm64, r-release-macos-x86_64, r-release-windows-x86_64

Version: 1.1.2
Check: dependencies in R code
Result: NOTE Namespace in Imports field not imported from: ‘rex’ All declared Imports should be used. Flavors: r-devel-linux-x86_64-fedora-clang, r-devel-linux-x86_64-fedora-gcc