CRAN Package Check Results for Package RBNZ

Last updated on 2022-06-27 15:53:52 CEST.

Flavor Version Tinstall Tcheck Ttotal Status Flags
r-devel-linux-x86_64-debian-clang 1.1.0 5.39 42.73 48.12 NOTE
r-devel-linux-x86_64-debian-gcc 1.1.0 3.67 33.51 37.18 NOTE
r-devel-linux-x86_64-fedora-clang 1.1.0 68.13 NOTE
r-devel-linux-x86_64-fedora-gcc 1.1.0 71.37 NOTE
r-devel-windows-x86_64 1.1.0 35.00 72.00 107.00 NOTE
r-patched-linux-x86_64 1.1.0 5.29 41.21 46.50 NOTE
r-release-linux-x86_64 1.1.0 4.33 41.03 45.36 NOTE
r-release-macos-arm64 1.1.0 25.00 NOTE
r-release-macos-x86_64 1.1.0 43.00 NOTE
r-release-windows-x86_64 1.1.0 40.00 77.00 117.00 NOTE
r-oldrel-macos-arm64 1.1.0 26.00 NOTE
r-oldrel-macos-x86_64 1.1.0 39.00 NOTE
r-oldrel-windows-ix86+x86_64 1.1.0 12.00 68.00 80.00 NOTE

Check Details

Version: 1.1.0
Check: LazyData
Result: NOTE
     'LazyData' is specified without a 'data' directory
Flavors: r-devel-linux-x86_64-debian-clang, r-devel-linux-x86_64-debian-gcc, r-devel-linux-x86_64-fedora-clang, r-devel-linux-x86_64-fedora-gcc, r-devel-windows-x86_64, r-patched-linux-x86_64, r-release-linux-x86_64, r-release-macos-arm64, r-release-macos-x86_64, r-release-windows-x86_64, r-oldrel-macos-arm64, r-oldrel-macos-x86_64, r-oldrel-windows-ix86+x86_64