CRAN Package Check Results for Package RBMRB

Last updated on 2020-09-22 03:49:36 CEST.

Flavor Version Tinstall Tcheck Ttotal Status Flags
r-devel-linux-x86_64-debian-clang 2.1.2 7.94 56.02 63.96 OK
r-devel-linux-x86_64-debian-gcc 2.1.2 0.24 1.95 2.19 ERROR
r-devel-linux-x86_64-fedora-clang 2.1.2 87.06 OK
r-devel-linux-x86_64-fedora-gcc 2.1.2 76.76 OK
r-devel-windows-ix86+x86_64 2.1.2 18.00 131.00 149.00 OK
r-patched-linux-x86_64 2.1.2 6.73 53.99 60.72 OK
r-patched-solaris-x86 2.1.2 104.20 OK
r-release-linux-x86_64 2.1.2 6.87 53.75 60.62 OK
r-release-macos-x86_64 2.1.2 OK
r-release-windows-ix86+x86_64 2.1.2 16.00 151.00 167.00 OK
r-oldrel-macos-x86_64 2.1.2 OK
r-oldrel-windows-ix86+x86_64 2.1.2 9.00 103.00 112.00 OK

Additional issues

OpenBLAS

Check Details

Version: 2.1.2
Check: whether package can be installed
Result: ERROR
    Installation failed.
Flavor: r-devel-linux-x86_64-debian-gcc