Last updated on 2023-12-01 15:53:46 CET.
Flavor | Version | Tinstall | Tcheck | Ttotal | Status | Flags |
---|---|---|---|---|---|---|
r-devel-linux-x86_64-debian-clang | 3.2.3 | 3.82 | 26.35 | 30.17 | WARN | |
r-devel-linux-x86_64-debian-gcc | 3.2.3 | 3.20 | 20.60 | 23.80 | OK | |
r-devel-linux-x86_64-fedora-clang | 3.2.3 | 40.04 | WARN | |||
r-devel-linux-x86_64-fedora-gcc | 3.2.3 | 49.71 | OK | |||
r-patched-linux-x86_64 | 3.2.3 | 3.79 | 26.36 | 30.15 | OK | |
r-release-linux-x86_64 | 3.2.3 | 4.02 | 26.62 | 30.64 | OK | |
r-release-macos-arm64 | 3.2.3 | 27.00 | OK | |||
r-release-macos-x86_64 | 3.2.3 | 39.00 | OK | |||
r-oldrel-macos-arm64 | 3.2.3 | 18.00 | OK | |||
r-oldrel-macos-x86_64 | 3.2.3 | 25.00 | OK |
Version: 3.2.3
Check: whether package can be installed
Result: WARN
Found the following significant warnings:
apparmor.c:57:18: warning: format string is not a string literal (potentially insecure) [-Wformat-security]
See ‘/home/hornik/tmp/R.check/r-devel-clang/Work/PKGS/RAppArmor.Rcheck/00install.out’ for details.
* used C compiler: ‘Debian clang version 17.0.5 (1)’
Flavor: r-devel-linux-x86_64-debian-clang
Version: 3.2.3
Check: whether package can be installed
Result: WARN
Found the following significant warnings:
apparmor.c:57:18: warning: format string is not a string literal (potentially insecure) [-Wformat-security]
See ‘/data/gannet/ripley/R/packages/tests-clang/RAppArmor.Rcheck/00install.out’ for details.
* used C compiler: ‘clang version 17.0.5’
Flavor: r-devel-linux-x86_64-fedora-clang