CRAN Package Check Results for Package RAMpath

Last updated on 2022-07-04 15:54:50 CEST.

Flavor Version Tinstall Tcheck Ttotal Status Flags
r-devel-linux-x86_64-debian-clang 0.4 5.72 57.46 63.18 NOTE
r-devel-linux-x86_64-debian-gcc 0.4 4.48 42.56 47.04 NOTE
r-devel-linux-x86_64-fedora-clang 0.4 85.61 NOTE
r-devel-linux-x86_64-fedora-gcc 0.4 86.86 NOTE
r-devel-windows-x86_64 0.4 26.00 84.00 110.00 OK
r-patched-linux-x86_64 0.4 5.15 54.20 59.35 NOTE
r-release-linux-x86_64 0.4 5.49 54.19 59.68 NOTE
r-release-macos-arm64 0.4 25.00 OK
r-release-macos-x86_64 0.4 34.00 OK
r-release-windows-x86_64 0.4 9.00 81.00 90.00 OK
r-oldrel-macos-arm64 0.4 29.00 OK
r-oldrel-macos-x86_64 0.4 43.00 OK
r-oldrel-windows-ix86+x86_64 0.4 12.00 81.00 93.00 OK

Check Details

Version: 0.4
Check: for non-standard things in the check directory
Result: NOTE
    Found the following files/directories:
     'blcs.dot' 'ex1.dot' 'ex1bridge1.dot' 'ex1bridge2.dot'
     'ex1bridge3.dot' 'ex1effect1.dot' 'ex1effect2.dot' 'gcmlinear.dot'
     'latent.dot' 'lcs.dot' 'mimic.dot'
Flavors: r-devel-linux-x86_64-debian-clang, r-devel-linux-x86_64-debian-gcc, r-patched-linux-x86_64, r-release-linux-x86_64

Version: 0.4
Check: for non-standard things in the check directory
Result: NOTE
    Found the following files/directories:
     ‘blcs.dot’ ‘blcs.pdf’ ‘ex1.dot’ ‘ex1.pdf’ ‘ex1bridge1.dot’
     ‘ex1bridge1.pdf’ ‘ex1bridge2.dot’ ‘ex1bridge2.pdf’ ‘ex1bridge3.dot’
     ‘ex1bridge3.pdf’ ‘ex1effect1.dot’ ‘ex1effect1.pdf’ ‘ex1effect2.dot’
     ‘ex1effect2.pdf’ ‘gcmlinear.dot’ ‘gcmlinear.pdf’ ‘latent.dot’
     ‘latent.pdf’ ‘lcs.dot’ ‘lcs.pdf’ ‘mimic.dot’ ‘mimic.pdf’
Flavors: r-devel-linux-x86_64-fedora-clang, r-devel-linux-x86_64-fedora-gcc