Last updated on 2022-06-26 03:50:09 CEST.
Flavor | Version | Tinstall | Tcheck | Ttotal | Status | Flags |
---|---|---|---|---|---|---|
r-devel-linux-x86_64-debian-clang | 0.1.0 | 2.74 | 48.99 | 51.73 | OK | |
r-devel-linux-x86_64-debian-gcc | 0.1.0 | 2.00 | 35.61 | 37.61 | OK | |
r-devel-linux-x86_64-fedora-clang | 0.1.0 | 68.75 | NOTE | |||
r-devel-linux-x86_64-fedora-gcc | 0.1.0 | 71.25 | NOTE | |||
r-devel-windows-x86_64 | 0.1.0 | 11.00 | 550.00 | 561.00 | OK | |
r-patched-linux-x86_64 | 0.1.0 | 2.82 | 44.66 | 47.48 | OK | |
r-release-linux-x86_64 | 0.1.0 | 2.90 | 45.99 | 48.89 | OK | |
r-release-macos-arm64 | 0.1.0 | 207.00 | NOTE | |||
r-release-macos-x86_64 | 0.1.0 | 292.00 | NOTE | |||
r-release-windows-x86_64 | 0.1.0 | 16.00 | 551.00 | 567.00 | OK | |
r-oldrel-macos-arm64 | 0.1.0 | 238.00 | NOTE | |||
r-oldrel-macos-x86_64 | 0.1.0 | 195.00 | NOTE | |||
r-oldrel-windows-ix86+x86_64 | 0.1.0 | 9.00 | 606.00 | 615.00 | OK |
Version: 0.1.0
Check: dependencies in R code
Result: NOTE
Namespaces in Imports field not imported from:
‘asd’ ‘cubature’ ‘data.table’ ‘ggplot2’ ‘multxpert’ ‘survival’
All declared Imports should be used.
Flavors: r-devel-linux-x86_64-fedora-clang, r-devel-linux-x86_64-fedora-gcc, r-release-macos-arm64, r-release-macos-x86_64, r-oldrel-macos-arm64, r-oldrel-macos-x86_64