CRAN Package Check Results for Package R4CouchDB

Last updated on 2020-09-22 03:49:36 CEST.

Flavor Version Tinstall Tcheck Ttotal Status Flags
r-devel-linux-x86_64-debian-clang 0.7.5 3.67 29.85 33.52 OK
r-devel-linux-x86_64-debian-gcc 0.7.5 0.29 1.95 2.24 ERROR
r-devel-linux-x86_64-fedora-clang 0.7.5 49.19 OK
r-devel-linux-x86_64-fedora-gcc 0.7.5 40.19 OK
r-devel-windows-ix86+x86_64 0.7.5 8.00 44.00 52.00 OK
r-patched-linux-x86_64 0.7.5 3.60 29.29 32.89 OK
r-patched-solaris-x86 0.7.5 61.40 OK
r-release-linux-x86_64 0.7.5 3.11 29.67 32.78 OK
r-release-macos-x86_64 0.7.5 OK
r-release-windows-ix86+x86_64 0.7.5 7.00 50.00 57.00 OK
r-oldrel-macos-x86_64 0.7.5 OK
r-oldrel-windows-ix86+x86_64 0.7.5 5.00 43.00 48.00 OK

Check Details

Version: 0.7.5
Check: whether package can be installed
Result: ERROR
    Installation failed.
Flavor: r-devel-linux-x86_64-debian-gcc