Last updated on 2022-07-01 03:53:58 CEST.
Flavor | Version | Tinstall | Tcheck | Ttotal | Status | Flags |
---|---|---|---|---|---|---|
r-devel-linux-x86_64-debian-clang | 2.11.0 | 19.60 | 179.61 | 199.21 | NOTE | |
r-devel-linux-x86_64-debian-gcc | 2.12.0 | 13.45 | 138.09 | 151.54 | OK | |
r-devel-linux-x86_64-fedora-clang | 2.12.0 | 261.43 | OK | |||
r-devel-linux-x86_64-fedora-gcc | 2.12.0 | 264.81 | OK | |||
r-devel-windows-x86_64 | 2.12.0 | 210.00 | 316.00 | 526.00 | OK | |
r-patched-linux-x86_64 | 2.12.0 | 27.19 | 217.62 | 244.81 | OK | |
r-release-linux-x86_64 | 2.12.0 | 17.03 | 168.06 | 185.09 | OK | |
r-release-macos-arm64 | 2.11.0 | 95.00 | OK | |||
r-release-macos-x86_64 | 2.12.0 | 131.00 | OK | |||
r-release-windows-x86_64 | 2.12.0 | 143.00 | 509.00 | 652.00 | OK | |
r-oldrel-macos-arm64 | 2.11.0 | 87.00 | OK | |||
r-oldrel-macos-x86_64 | 2.12.0 | 121.00 | OK | |||
r-oldrel-windows-ix86+x86_64 | 2.12.0 | 35.00 | 265.00 | 300.00 | OK |
Version: 2.11.0
Check: Rd files
Result: NOTE
checkRd: (-1) SmartComments.Rd:62: Escaped LaTeX specials: \#
checkRd: (-1) SmartComments.Rd:64: Escaped LaTeX specials: \#
checkRd: (-1) VComments.Rd:74: Escaped LaTeX specials: \# \#
checkRd: (-1) VComments.Rd:75: Escaped LaTeX specials: \# \#
checkRd: (-1) VComments.Rd:80: Escaped LaTeX specials: \# \#
checkRd: (-1) VComments.Rd:82: Escaped LaTeX specials: \# \^
checkRd: (-1) VComments.Rd:83: Escaped LaTeX specials: \# \#
checkRd: (-1) VComments.Rd:84: Escaped LaTeX specials: \# \#
checkRd: (-1) VComments.Rd:85: Escaped LaTeX specials: \# \#
checkRd: (-1) VComments.Rd:90: Escaped LaTeX specials: \# \#
checkRd: (-1) VComments.Rd:91: Escaped LaTeX specials: \# \#
checkRd: (-1) VComments.Rd:92: Escaped LaTeX specials: \# \#
checkRd: (-1) VComments.Rd:99: Escaped LaTeX specials: \# \#
checkRd: (-1) VComments.Rd:100: Escaped LaTeX specials: \# \#
checkRd: (-1) VComments.Rd:101: Escaped LaTeX specials: \# \#
checkRd: (-1) VComments.Rd:102: Escaped LaTeX specials: \# \#
checkRd: (-1) VComments.Rd:107: Escaped LaTeX specials: \# \#
checkRd: (-1) VComments.Rd:108: Escaped LaTeX specials: \# \#
checkRd: (-1) VComments.Rd:109: Escaped LaTeX specials: \# \#
checkRd: (-1) VComments.Rd:110: Escaped LaTeX specials: \# \#
checkRd: (-1) VComments.Rd:111: Escaped LaTeX specials: \# \#
checkRd: (-1) VComments.Rd:112: Escaped LaTeX specials: \# \#
Flavor: r-devel-linux-x86_64-debian-clang
Version: 2.11.0
Check: HTML version of manual
Result: NOTE
Found the following problems:
R.utils-package.Rd:116:1: Warning: trimming empty <p>
Flavor: r-devel-linux-x86_64-debian-clang