CRAN Package Check Results for Package R.devices

Last updated on 2024-07-20 03:49:11 CEST.

Flavor Version Tinstall Tcheck Ttotal Status Flags
r-devel-linux-x86_64-debian-clang 2.17.2 3.98 74.29 78.27 OK
r-devel-linux-x86_64-debian-gcc 2.17.2 3.63 56.09 59.72 OK
r-devel-linux-x86_64-fedora-clang 2.17.2 105.14 OK
r-devel-linux-x86_64-fedora-gcc 2.17.2 115.94 OK
r-devel-windows-x86_64 2.17.2 6.00 101.00 107.00 OK
r-patched-linux-x86_64 2.17.2 5.22 70.81 76.03 OK
r-release-linux-x86_64 2.17.2 5.42 70.31 75.73 OK
r-release-macos-arm64 2.17.2 40.00 OK
r-release-macos-x86_64 2.17.2 48.00 NOTE
r-release-windows-x86_64 2.17.2 8.00 99.00 107.00 OK
r-oldrel-macos-arm64 2.17.2 47.00 OK
r-oldrel-macos-x86_64 2.17.2 108.00 OK
r-oldrel-windows-x86_64 2.17.2 7.00 104.00 111.00 OK

Check Details

Version: 2.17.2
Check: package vignettes
Result: NOTE Package has ‘vignettes’ subdirectory but apparently no vignettes. Perhaps the ‘VignetteBuilder’ information is missing from the DESCRIPTION file? Flavor: r-release-macos-x86_64