Last updated on 2023-01-31 15:55:59 CET.
Flavor | Version | Tinstall | Tcheck | Ttotal | Status | Flags |
---|---|---|---|---|---|---|
r-devel-linux-x86_64-debian-clang | 0.1.3 | 4.70 | 61.85 | 66.55 | NOTE | |
r-devel-linux-x86_64-debian-gcc | 0.1.3 | 5.13 | 46.50 | 51.63 | NOTE | |
r-devel-linux-x86_64-fedora-clang | 0.1.3 | 90.10 | NOTE | |||
r-devel-linux-x86_64-fedora-gcc | 0.1.3 | 98.33 | NOTE | |||
r-devel-windows-x86_64 | 0.1.3 | 36.00 | 97.00 | 133.00 | OK | |
r-patched-linux-x86_64 | 0.1.3 | 5.85 | 61.05 | 66.90 | NOTE | |
r-release-linux-x86_64 | 0.1.3 | 6.19 | 59.50 | 65.69 | NOTE | |
r-release-macos-arm64 | 0.1.3 | 28.00 | OK | |||
r-release-macos-x86_64 | 0.1.3 | 39.00 | OK | |||
r-release-windows-x86_64 | 0.1.3 | 47.00 | 96.00 | 143.00 | OK | |
r-oldrel-macos-arm64 | 0.1.3 | 27.00 | OK | |||
r-oldrel-macos-x86_64 | 0.1.3 | 38.00 | OK | |||
r-oldrel-windows-ix86+x86_64 | 0.1.3 | 14.00 | 94.00 | 108.00 | OK |
Version: 0.1.3
Check: package dependencies
Result: NOTE
Package suggested but not available for checking: ‘gdalUtils’
Flavors: r-devel-linux-x86_64-debian-clang, r-devel-linux-x86_64-debian-gcc, r-devel-linux-x86_64-fedora-clang, r-devel-linux-x86_64-fedora-gcc, r-patched-linux-x86_64, r-release-linux-x86_64