Last updated on 2022-07-06 15:49:07 CEST.
Flavor | Version | Tinstall | Tcheck | Ttotal | Status | Flags |
---|---|---|---|---|---|---|
r-devel-linux-x86_64-debian-clang | 1.11 | 12.91 | 59.27 | 72.18 | OK | |
r-devel-linux-x86_64-debian-gcc | 1.11 | 11.50 | 45.36 | 56.86 | OK | |
r-devel-linux-x86_64-fedora-clang | 1.11 | 97.23 | WARN | |||
r-devel-linux-x86_64-fedora-gcc | 1.11 | 97.26 | WARN | |||
r-devel-windows-x86_64 | 1.11 | 42.00 | 90.00 | 132.00 | OK | |
r-patched-linux-x86_64 | 1.11 | 13.56 | 57.32 | 70.88 | OK | |
r-release-linux-x86_64 | 1.11 | 12.97 | 58.25 | 71.22 | OK | |
r-release-macos-arm64 | 1.11 | 27.00 | OK | |||
r-release-macos-x86_64 | 1.11 | 41.00 | OK | |||
r-release-windows-x86_64 | 1.11 | 36.00 | 84.00 | 120.00 | OK | |
r-oldrel-macos-arm64 | 1.11 | 27.00 | OK | |||
r-oldrel-macos-x86_64 | 1.11 | 41.00 | OK | |||
r-oldrel-windows-ix86+x86_64 | 1.11 | 34.00 | 92.00 | 126.00 | OK |
Version: 1.11
Check: package dependencies
Result: WARN
Requires (indirectly) orphaned package: ‘gtools’
Flavors: r-devel-linux-x86_64-fedora-clang, r-devel-linux-x86_64-fedora-gcc