CRAN Package Check Results for Package QTL.gCIMapping

Last updated on 2022-08-09 15:56:23 CEST.

Flavor Version Tinstall Tcheck Ttotal Status Flags
r-devel-linux-x86_64-debian-clang 3.4 39.80 153.03 192.83 OK
r-devel-linux-x86_64-debian-gcc 3.4 33.84 112.27 146.11 OK
r-devel-linux-x86_64-fedora-clang 3.4 238.38 OK
r-devel-linux-x86_64-fedora-gcc 3.4 254.14 OK
r-devel-windows-x86_64 3.4 43.00 210.00 253.00 NOTE
r-patched-linux-x86_64 3.4 32.52 145.30 177.82 OK
r-release-linux-x86_64 3.4 OK
r-release-macos-arm64 3.4 63.00 OK
r-release-macos-x86_64 3.4 112.00 OK
r-release-windows-x86_64 3.4 52.00 205.00 257.00 NOTE
r-oldrel-macos-arm64 3.4 71.00 NOTE
r-oldrel-macos-x86_64 3.4 83.00 OK
r-oldrel-windows-ix86+x86_64 3.4 81.00 249.00 330.00 NOTE

Check Details

Version: 3.4
Check: installed package size
Result: NOTE
     installed size is 5.0Mb
     sub-directories of 1Mb or more:
     extdata 3.0Mb
     libs 1.0Mb
Flavors: r-devel-windows-x86_64, r-release-windows-x86_64, r-oldrel-macos-arm64, r-oldrel-windows-ix86+x86_64