Last updated on 2023-02-04 16:55:58 CET.
Flavor | Version | Tinstall | Tcheck | Ttotal | Status | Flags |
---|---|---|---|---|---|---|
r-devel-linux-x86_64-debian-clang | 0.1.0 | 27.77 | 266.53 | 294.30 | NOTE | |
r-devel-linux-x86_64-debian-gcc | 0.1.0 | 22.56 | 196.67 | 219.23 | NOTE | |
r-devel-linux-x86_64-fedora-clang | 0.1.0 | 375.36 | NOTE | |||
r-devel-linux-x86_64-fedora-gcc | 0.1.0 | 391.86 | NOTE | |||
r-devel-windows-x86_64 | 0.1.0 | 36.00 | 268.00 | 304.00 | NOTE | |
r-patched-linux-x86_64 | 0.1.0 | 26.85 | 264.93 | 291.78 | NOTE | |
r-release-linux-x86_64 | 0.1.0 | 23.14 | 264.85 | 287.99 | NOTE | |
r-release-macos-arm64 | 0.1.0 | 71.00 | NOTE | |||
r-release-macos-x86_64 | 0.1.0 | 132.00 | NOTE | |||
r-release-windows-x86_64 | 0.1.0 | 39.00 | 283.00 | 322.00 | NOTE | |
r-oldrel-macos-arm64 | 0.1.0 | 42.00 | NOTE | |||
r-oldrel-macos-x86_64 | 0.1.0 | 56.00 | NOTE | |||
r-oldrel-windows-ix86+x86_64 | 0.1.0 | 67.00 | 267.00 | 334.00 | NOTE |
Version: 0.1.0
Check: LazyData
Result: NOTE
'LazyData' is specified without a 'data' directory
Flavors: r-devel-linux-x86_64-debian-clang, r-devel-linux-x86_64-debian-gcc, r-devel-linux-x86_64-fedora-clang, r-devel-linux-x86_64-fedora-gcc, r-devel-windows-x86_64, r-patched-linux-x86_64, r-release-linux-x86_64, r-release-macos-arm64, r-release-macos-x86_64, r-release-windows-x86_64, r-oldrel-macos-arm64, r-oldrel-macos-x86_64, r-oldrel-windows-ix86+x86_64