CRAN Package Check Results for Package QHScrnomo

Last updated on 2024-07-12 15:52:57 CEST.

Flavor Version Tinstall Tcheck Ttotal Status Flags
r-devel-linux-x86_64-debian-clang 3.0.1 18.80 242.45 261.25 OK
r-devel-linux-x86_64-debian-gcc 3.0.1 13.77 181.82 195.59 OK
r-devel-linux-x86_64-fedora-clang 3.0.1 318.47 OK
r-devel-linux-x86_64-fedora-gcc 3.0.1 352.72 OK
r-devel-windows-x86_64 3.0.1 16.00 218.00 234.00 NOTE
r-patched-linux-x86_64 3.0.1 18.33 238.00 256.33 OK
r-release-linux-x86_64 3.0.1 11.10 241.62 252.72 OK
r-release-macos-arm64 3.0.1 114.00 OK
r-release-macos-x86_64 3.0.1 165.00 OK
r-release-windows-x86_64 3.0.1 16.00 221.00 237.00 OK
r-oldrel-macos-arm64 3.0.1 114.00 OK
r-oldrel-macos-x86_64 3.0.1 305.00 OK
r-oldrel-windows-x86_64 3.0.1 22.00 273.00 295.00 OK

Check Details

Version: 3.0.1
Check: Rd cross-references
Result: NOTE Found the following Rd file(s) with Rd \link{} targets missing package anchors: anova.cmprsk.Rd: rms crr.fit.Rd: rms nomogram.mk6.Rd: rms, plot.summary.rms summary.cmprsk.Rd: rms Please provide package anchors for all Rd \link{} targets not in the package itself and the base packages. Flavor: r-devel-windows-x86_64