Last updated on 2022-07-05 15:52:53 CEST.
Flavor | Version | Tinstall | Tcheck | Ttotal | Status | Flags |
---|---|---|---|---|---|---|
r-devel-linux-x86_64-debian-clang | 2.3.6 | 23.92 | 160.79 | 184.71 | NOTE | |
r-devel-linux-x86_64-debian-gcc | 2.3.6 | 16.35 | 116.16 | 132.51 | NOTE | |
r-devel-linux-x86_64-fedora-clang | 2.3.6 | 226.83 | NOTE | |||
r-devel-linux-x86_64-fedora-gcc | 2.3.6 | 235.15 | NOTE | |||
r-devel-windows-x86_64 | 2.3.6 | 45.00 | 264.00 | 309.00 | NOTE | |
r-patched-linux-x86_64 | 2.3.6 | 23.59 | 160.29 | 183.88 | OK | |
r-release-linux-x86_64 | 2.3.6 | 19.89 | 156.97 | 176.86 | OK | |
r-release-macos-arm64 | 2.3.6 | 86.00 | OK | |||
r-release-macos-x86_64 | 2.3.6 | 112.00 | OK | |||
r-release-windows-x86_64 | 2.3.6 | 51.00 | 265.00 | 316.00 | OK | |
r-oldrel-macos-arm64 | 2.3.6 | 86.00 | OK | |||
r-oldrel-macos-x86_64 | 2.3.6 | 116.00 | OK | |||
r-oldrel-windows-ix86+x86_64 | 2.3.6 | 53.00 | 310.00 | 363.00 | OK |
Version: 2.3.6
Check: Rd files
Result: NOTE
checkRd: (-1) Ch0C-plot.cpd.PwrGSD.Rd:40: Escaped LaTeX specials: \&
Flavors: r-devel-linux-x86_64-debian-clang, r-devel-linux-x86_64-debian-gcc, r-devel-linux-x86_64-fedora-clang, r-devel-linux-x86_64-fedora-gcc, r-devel-windows-x86_64