CRAN Package Check Results for Package PupilPre

Last updated on 2021-09-23 03:51:09 CEST.

Flavor Version Tinstall Tcheck Ttotal Status Flags
r-devel-linux-x86_64-debian-clang 0.6.2 11.86 137.76 149.62 OK
r-devel-linux-x86_64-debian-gcc 0.6.2 9.25 100.44 109.69 OK
r-devel-linux-x86_64-fedora-clang 0.6.2 180.33 NOTE
r-devel-linux-x86_64-fedora-gcc 0.6.2 168.42 OK
r-devel-windows-x86_64 0.6.2 13.00 129.00 142.00 OK
r-devel-windows-x86_64-gcc10-UCRT 0.6.2 ERROR
r-patched-linux-x86_64 0.6.2 15.97 136.48 152.45 OK
r-patched-solaris-x86 0.6.2 238.90 OK
r-release-linux-x86_64 0.6.2 10.73 135.95 146.68 OK
r-release-macos-arm64 0.6.2 OK
r-release-macos-x86_64 0.6.2 OK
r-release-windows-ix86+x86_64 0.6.2 24.00 181.00 205.00 OK
r-oldrel-macos-x86_64 0.6.2 OK
r-oldrel-windows-ix86+x86_64 0.6.2 15.00 135.00 150.00 OK

Check Details

Version: 0.6.2
Check: Rd cross-references
Result: NOTE
    Undeclared package ‘tibble’ in Rd xrefs
Flavor: r-devel-linux-x86_64-fedora-clang

Version: 0.6.2
Check: PDF version of manual
Result: WARN
    LaTeX errors when creating PDF version.
    This typically indicates Rd problems.
Flavor: r-devel-windows-x86_64-gcc10-UCRT

Version: 0.6.2
Check: PDF version of manual without hyperrefs or index
Result: ERROR
    Re-running with no redirection of stdout/stderr.
Flavor: r-devel-windows-x86_64-gcc10-UCRT