CRAN Package Check Results for Package PupilPre

Last updated on 2020-10-01 15:48:35 CEST.

Flavor Version Tinstall Tcheck Ttotal Status Flags
r-devel-linux-x86_64-debian-clang 0.6.2 11.94 140.06 152.00 OK
r-devel-linux-x86_64-debian-gcc 0.6.2 9.08 103.36 112.44 OK
r-devel-linux-x86_64-fedora-clang 0.6.2 185.67 NOTE
r-devel-linux-x86_64-fedora-gcc 0.6.2 174.85 OK
r-devel-windows-ix86+x86_64 0.6.2 22.00 173.00 195.00 OK
r-patched-linux-x86_64 0.6.2 10.70 129.36 140.06 OK
r-patched-solaris-x86 0.6.2 230.60 OK
r-release-linux-x86_64 0.6.2 10.19 128.13 138.32 OK
r-release-macos-x86_64 0.6.2 OK
r-release-windows-ix86+x86_64 0.6.2 23.00 184.00 207.00 OK
r-oldrel-macos-x86_64 0.6.2 OK
r-oldrel-windows-ix86+x86_64 0.6.2 21.00 169.00 190.00 OK

Check Details

Version: 0.6.2
Check: Rd cross-references
Result: NOTE
    Undeclared package ‘tibble’ in Rd xrefs
Flavor: r-devel-linux-x86_64-fedora-clang