Last updated on 2022-06-25 03:51:06 CEST.
Flavor | Version | Tinstall | Tcheck | Ttotal | Status | Flags |
---|---|---|---|---|---|---|
r-devel-linux-x86_64-debian-clang | 0.10.2 | 5.53 | 68.50 | 74.03 | OK | |
r-devel-linux-x86_64-debian-gcc | 0.10.2 | 5.50 | 51.05 | 56.55 | OK | |
r-devel-linux-x86_64-fedora-clang | 0.10.2 | 103.68 | OK | |||
r-devel-linux-x86_64-fedora-gcc | 0.10.2 | 96.44 | OK | |||
r-devel-windows-x86_64 | 0.10.2 | 167.00 | 134.00 | 301.00 | OK | |
r-patched-linux-x86_64 | 0.10.2 | 7.13 | 65.24 | 72.37 | OK | |
r-release-linux-x86_64 | 0.10.2 | 4.72 | 63.06 | 67.78 | OK | |
r-release-macos-arm64 | 0.10.2 | 44.00 | OK | |||
r-release-macos-x86_64 | 0.10.2 | 60.00 | OK | |||
r-release-windows-x86_64 | 0.10.2 | 159.00 | 142.00 | 301.00 | OK | |
r-oldrel-macos-arm64 | 0.10.2 | 45.00 | NOTE | |||
r-oldrel-macos-x86_64 | 0.10.2 | 65.00 | OK | |||
r-oldrel-windows-ix86+x86_64 | 0.10.2 | 16.00 | 123.00 | 139.00 | OK |
Version: 0.10.2
Check: package dependencies
Result: NOTE
Package suggested but not available for checking: ‘RODBC’
Flavor: r-oldrel-macos-arm64