CRAN Package Check Results for Package ProFound

Last updated on 2020-09-19 03:49:52 CEST.

Flavor Version Tinstall Tcheck Ttotal Status Flags
r-devel-linux-x86_64-debian-clang 1.3.4 35.22 81.83 117.05 OK
r-devel-linux-x86_64-debian-gcc 1.3.4 28.46 63.01 91.47 OK
r-devel-linux-x86_64-fedora-clang 1.3.4 167.86 OK
r-devel-linux-x86_64-fedora-gcc 1.3.4 164.36 OK
r-devel-windows-ix86+x86_64 1.3.4 77.00 138.00 215.00 NOTE
r-patched-linux-x86_64 1.3.4 31.86 82.08 113.94 OK
r-patched-solaris-x86 1.3.4 186.90 OK
r-release-linux-x86_64 1.3.4 30.81 82.06 112.87 OK
r-release-macos-x86_64 1.3.4 OK
r-release-windows-ix86+x86_64 1.3.4 80.00 140.00 220.00 NOTE
r-oldrel-macos-x86_64 1.3.4 NOTE
r-oldrel-windows-ix86+x86_64 1.3.4 54.00 119.00 173.00 OK

Check Details

Version: 1.3.4
Check: installed package size
Result: NOTE
     installed size is 5.1Mb
     sub-directories of 1Mb or more:
     data 1.7Mb
     libs 2.1Mb
Flavors: r-devel-windows-ix86+x86_64, r-release-windows-ix86+x86_64

Version: 1.3.4
Check: package dependencies
Result: NOTE
    Package suggested but not available for checking: ‘EBImage’
Flavor: r-oldrel-macos-x86_64