CRAN Package Check Results for Package ProFound

Last updated on 2021-09-19 03:51:22 CEST.

Flavor Version Tinstall Tcheck Ttotal Status Flags
r-devel-linux-x86_64-debian-clang 1.14.1 79.68 92.32 172.00 OK
r-devel-linux-x86_64-debian-gcc 1.14.1 48.03 67.81 115.84 OK
r-devel-linux-x86_64-fedora-clang 1.14.1 229.78 NOTE
r-devel-linux-x86_64-fedora-gcc 1.14.1 210.65 OK
r-devel-windows-x86_64 1.14.1 71.00 146.00 217.00 NOTE
r-devel-windows-x86_64-gcc10-UCRT 1.14.1 ERROR
r-patched-linux-x86_64 1.14.1 63.90 91.87 155.77 OK
r-patched-solaris-x86 1.14.1 204.20 OK
r-release-linux-x86_64 1.14.1 59.50 92.48 151.98 OK
r-release-macos-arm64 1.14.1 NOTE
r-release-macos-x86_64 1.14.1 NOTE
r-release-windows-ix86+x86_64 1.14.1 164.00 158.00 322.00 NOTE
r-oldrel-macos-x86_64 1.14.1 NOTE
r-oldrel-windows-ix86+x86_64 1.14.1 163.00 156.00 319.00 NOTE

Check Details

Version: 1.14.1
Check: installed package size
Result: NOTE
     installed size is 6.4Mb
     sub-directories of 1Mb or more:
     data 1.7Mb
     extdata 1.2Mb
     libs 2.4Mb
Flavors: r-devel-linux-x86_64-fedora-clang, r-devel-windows-x86_64, r-release-macos-arm64, r-release-macos-x86_64, r-release-windows-ix86+x86_64, r-oldrel-macos-x86_64, r-oldrel-windows-ix86+x86_64

Version: 1.14.1
Check: whether package can be installed
Result: ERROR
    Installation failed.
Flavor: r-devel-windows-x86_64-gcc10-UCRT

Version: 1.14.1
Check: package dependencies
Result: NOTE
    Package suggested but not available for checking: ‘EBImage’
Flavor: r-release-macos-arm64