CRAN Package Check Results for Package ProFit

Last updated on 2022-06-28 03:51:39 CEST.

Flavor Version Tinstall Tcheck Ttotal Status Flags
r-devel-linux-x86_64-debian-clang 1.3.3 67.45 107.33 174.78 NOTE
r-devel-linux-x86_64-debian-gcc 1.3.3 55.78 77.63 133.41 NOTE
r-devel-linux-x86_64-fedora-clang 1.3.3 244.31 NOTE
r-devel-linux-x86_64-fedora-gcc 1.3.3 194.92 NOTE
r-devel-windows-x86_64 1.3.3 116.00 187.00 303.00 NOTE
r-patched-linux-x86_64 1.3.3 65.10 99.38 164.48 OK
r-release-linux-x86_64 1.3.3 59.55 99.55 159.10 OK
r-release-macos-arm64 1.3.3 61.00 NOTE
r-release-macos-x86_64 1.3.3 96.00 NOTE
r-release-windows-x86_64 1.3.3 134.00 196.00 330.00 NOTE
r-oldrel-macos-arm64 1.3.3 115.00 NOTE
r-oldrel-macos-x86_64 1.3.3 139.00 NOTE
r-oldrel-windows-ix86+x86_64 1.3.3 106.00 199.00 305.00 NOTE

Check Details

Version: 1.3.3
Check: Rd files
Result: NOTE
    checkRd: (-1) profitCubaMoffat.Rd:79: Escaped LaTeX specials: \&
Flavors: r-devel-linux-x86_64-debian-clang, r-devel-linux-x86_64-debian-gcc, r-devel-linux-x86_64-fedora-clang, r-devel-linux-x86_64-fedora-gcc, r-devel-windows-x86_64

Version: 1.3.3
Check: installed package size
Result: NOTE
     installed size is 12.4Mb
     sub-directories of 1Mb or more:
     extdata 7.4Mb
     libs 3.8Mb
Flavors: r-devel-linux-x86_64-fedora-clang, r-devel-windows-x86_64, r-release-macos-arm64, r-release-macos-x86_64, r-release-windows-x86_64, r-oldrel-macos-arm64, r-oldrel-macos-x86_64, r-oldrel-windows-ix86+x86_64