Last updated on 2023-02-08 15:52:49 CET.
Flavor | Version | Tinstall | Tcheck | Ttotal | Status | Flags |
---|---|---|---|---|---|---|
r-devel-linux-x86_64-debian-clang | 0.1.1 | 3.99 | 443.71 | 447.70 | OK | |
r-devel-linux-x86_64-debian-gcc | 0.1.1 | 3.31 | 346.55 | 349.86 | OK | |
r-devel-linux-x86_64-fedora-clang | 0.1.1 | 589.22 | NOTE | |||
r-devel-linux-x86_64-fedora-gcc | 0.1.1 | 562.07 | NOTE | |||
r-devel-windows-x86_64 | 0.1.1 | 34.00 | 67.00 | 101.00 | OK | |
r-patched-linux-x86_64 | 0.1.1 | 3.51 | 445.02 | 448.53 | OK | |
r-release-linux-x86_64 | 0.1.1 | 3.62 | 441.69 | 445.31 | OK | |
r-release-macos-arm64 | 0.1.1 | 227.00 | NOTE | |||
r-release-macos-x86_64 | 0.1.1 | 381.00 | NOTE | |||
r-release-windows-x86_64 | 0.1.1 | 47.00 | 70.00 | 117.00 | OK | |
r-oldrel-macos-arm64 | 0.1.1 | 270.00 | NOTE | |||
r-oldrel-macos-x86_64 | 0.1.1 | 320.00 | NOTE | |||
r-oldrel-windows-ix86+x86_64 | 0.1.1 | 12.00 | 62.00 | 74.00 | OK |
Version: 0.1.1
Check: dependencies in R code
Result: NOTE
Namespaces in Imports field not imported from:
‘Rcpp’ ‘StanHeaders’ ‘dplyr’ ‘ggplot2’ ‘gridExtra’ ‘rstan’ ‘tibble’
All declared Imports should be used.
Flavors: r-devel-linux-x86_64-fedora-clang, r-devel-linux-x86_64-fedora-gcc, r-release-macos-arm64, r-release-macos-x86_64, r-oldrel-macos-arm64, r-oldrel-macos-x86_64