CRAN Package Check Results for Package PortfolioOptim

Last updated on 2020-09-29 03:48:29 CEST.

Flavor Version Tinstall Tcheck Ttotal Status Flags
r-devel-linux-x86_64-debian-clang 1.1.1 2.90 26.16 29.06 OK
r-devel-linux-x86_64-debian-gcc 1.1.1 2.10 20.28 22.38 OK
r-devel-linux-x86_64-fedora-clang 1.1.1 44.25 OK
r-devel-linux-x86_64-fedora-gcc 1.1.1 34.57 OK
r-devel-windows-ix86+x86_64 1.1.1 6.00 44.00 50.00 OK
r-patched-linux-x86_64 1.1.1 2.70 25.06 27.76 OK
r-release-linux-x86_64 1.1.1 2.23 25.66 27.89 OK
r-release-macos-x86_64 1.1.1 ERROR
r-release-windows-ix86+x86_64 1.1.1 14.00 41.00 55.00 OK
r-oldrel-macos-x86_64 1.1.1 ERROR
r-oldrel-windows-ix86+x86_64 1.1.1 4.00 44.00 48.00 OK

Check Details

Version: 1.1.1
Check: package dependencies
Result: ERROR
    Package required but not available: ‘Rsymphony’
    
    See section ‘The DESCRIPTION file’ in the ‘Writing R Extensions’
    manual.
Flavors: r-release-macos-x86_64, r-oldrel-macos-x86_64