CRAN Package Check Results for Package PortalHacienda

Last updated on 2023-02-09 03:56:19 CET.

Flavor Version Tinstall Tcheck Ttotal Status Flags
r-devel-linux-x86_64-debian-clang 0.1.6 3.71 44.40 48.11 NOTE
r-devel-linux-x86_64-debian-gcc 0.1.6 2.85 33.56 36.41 NOTE
r-devel-linux-x86_64-fedora-clang 0.1.6 59.22 NOTE
r-devel-linux-x86_64-fedora-gcc 0.1.6 68.26 NOTE
r-devel-windows-x86_64 0.1.6 27.00 97.00 124.00 NOTE
r-patched-linux-x86_64 0.1.6 3.71 43.26 46.97 NOTE
r-release-linux-x86_64 0.1.6 3.43 44.43 47.86 NOTE
r-release-macos-arm64 0.1.6 43.00 NOTE
r-release-macos-x86_64 0.1.6 61.00 NOTE
r-release-windows-x86_64 0.1.6 28.00 98.00 126.00 NOTE
r-oldrel-macos-arm64 0.1.6 39.00 NOTE
r-oldrel-macos-x86_64 0.1.6 56.00 NOTE
r-oldrel-windows-ix86+x86_64 0.1.6 10.00 83.00 93.00 NOTE

Check Details

Version: 0.1.6
Check: LazyData
Result: NOTE
     'LazyData' is specified without a 'data' directory
Flavors: r-devel-linux-x86_64-debian-clang, r-devel-linux-x86_64-debian-gcc, r-devel-linux-x86_64-fedora-clang, r-devel-linux-x86_64-fedora-gcc, r-devel-windows-x86_64, r-patched-linux-x86_64, r-release-linux-x86_64, r-release-macos-arm64, r-release-macos-x86_64, r-release-windows-x86_64, r-oldrel-macos-arm64, r-oldrel-macos-x86_64, r-oldrel-windows-ix86+x86_64

Version: 0.1.6
Check: dependencies in R code
Result: NOTE
    Namespace in Imports field not imported from: ‘purrr’
     All declared Imports should be used.
Flavors: r-devel-linux-x86_64-fedora-clang, r-devel-linux-x86_64-fedora-gcc, r-release-macos-arm64, r-release-macos-x86_64, r-oldrel-macos-arm64, r-oldrel-macos-x86_64