Last updated on 2025-01-14 04:49:31 CET.
Flavor | Version | Tinstall | Tcheck | Ttotal | Status | Flags |
---|---|---|---|---|---|---|
r-devel-linux-x86_64-debian-clang | 1.1.0 | 8.80 | 77.33 | 86.13 | NOTE | |
r-devel-linux-x86_64-debian-gcc | 1.1.0 | 6.88 | 57.25 | 64.13 | NOTE | |
r-devel-linux-x86_64-fedora-clang | 1.1.0 | 135.26 | OK | |||
r-devel-linux-x86_64-fedora-gcc | 1.1.0 | 138.90 | OK | |||
r-devel-windows-x86_64 | 1.1.0 | 10.00 | 88.00 | 98.00 | NOTE | |
r-patched-linux-x86_64 | 1.1.0 | 11.85 | 73.48 | 85.33 | OK | |
r-release-linux-x86_64 | 1.1.0 | 7.96 | 72.64 | 80.60 | OK | |
r-release-macos-arm64 | 1.1.0 | 40.00 | OK | |||
r-release-macos-x86_64 | 1.1.0 | 62.00 | OK | |||
r-release-windows-x86_64 | 1.1.0 | 10.00 | 88.00 | 98.00 | OK | |
r-oldrel-macos-arm64 | 1.1.0 | 45.00 | OK | |||
r-oldrel-macos-x86_64 | 1.1.0 | 74.00 | OK | |||
r-oldrel-windows-x86_64 | 1.1.0 | 14.00 | 107.00 | 121.00 | OK |
Version: 1.1.0
Check: Rd cross-references
Result: NOTE
Found the following Rd file(s) with Rd \link{} targets missing package
anchors:
SnP500Returns.Rd: zoo
access.Rd: zoo
portvol.Bayes.Rd: zoo
portvol.Rd: zoo
risk.attrib.Copula.Rd: zoo
risk.attribution.Rd: zoo
volatility.Rd: zoo
Please provide package anchors for all Rd \link{} targets not in the
package itself and the base packages.
Flavors: r-devel-linux-x86_64-debian-clang, r-devel-linux-x86_64-debian-gcc, r-devel-windows-x86_64