Last updated on 2022-06-27 15:53:50 CEST.
Flavor | Version | Tinstall | Tcheck | Ttotal | Status | Flags |
---|---|---|---|---|---|---|
r-devel-linux-x86_64-debian-clang | 0.1.2 | 230.76 | 126.69 | 357.45 | NOTE | |
r-devel-linux-x86_64-debian-gcc | 0.1.2 | 217.81 | 102.26 | 320.07 | NOTE | |
r-devel-linux-x86_64-fedora-clang | 0.1.2 | 501.41 | WARN | |||
r-devel-linux-x86_64-fedora-gcc | 0.1.2 | 534.07 | WARN | |||
r-devel-windows-x86_64 | 0.1.2 | 187.00 | 198.00 | 385.00 | NOTE | |
r-patched-linux-x86_64 | 0.1.2 | 218.10 | 132.27 | 350.37 | NOTE | |
r-release-linux-x86_64 | 0.1.2 | 210.65 | 134.42 | 345.07 | NOTE | |
r-release-macos-arm64 | 0.1.2 | 118.00 | NOTE | |||
r-release-macos-x86_64 | 0.1.2 | 209.00 | NOTE | |||
r-release-windows-x86_64 | 0.1.2 | 180.00 | 187.00 | 367.00 | NOTE | |
r-oldrel-macos-arm64 | 0.1.2 | 132.00 | NOTE | |||
r-oldrel-macos-x86_64 | 0.1.2 | 168.00 | NOTE | |||
r-oldrel-windows-ix86+x86_64 | 0.1.2 | 531.00 | 250.00 | 781.00 | NOTE |
Version: 0.1.2
Check: for GNU extensions in Makefiles
Result: NOTE
GNU make is a SystemRequirements.
Flavors: r-devel-linux-x86_64-debian-clang, r-devel-linux-x86_64-debian-gcc, r-devel-linux-x86_64-fedora-clang, r-devel-linux-x86_64-fedora-gcc, r-devel-windows-x86_64, r-patched-linux-x86_64, r-release-linux-x86_64, r-release-macos-arm64, r-release-macos-x86_64, r-release-windows-x86_64, r-oldrel-macos-arm64, r-oldrel-macos-x86_64, r-oldrel-windows-ix86+x86_64
Version: 0.1.2
Check: package dependencies
Result: WARN
Requires (indirectly) orphaned package: ‘gtools’
Flavors: r-devel-linux-x86_64-fedora-clang, r-devel-linux-x86_64-fedora-gcc
Version: 0.1.2
Check: installed package size
Result: NOTE
installed size is 30.1Mb
sub-directories of 1Mb or more:
libs 29.7Mb
Flavors: r-devel-linux-x86_64-fedora-clang, r-release-macos-arm64, r-release-macos-x86_64, r-oldrel-macos-arm64, r-oldrel-macos-x86_64, r-oldrel-windows-ix86+x86_64
Version: 0.1.2
Check: dependencies in R code
Result: NOTE
Namespace in Imports field not imported from: ‘rstantools’
All declared Imports should be used.
Flavors: r-devel-linux-x86_64-fedora-clang, r-devel-linux-x86_64-fedora-gcc, r-release-macos-arm64, r-release-macos-x86_64, r-oldrel-macos-arm64, r-oldrel-macos-x86_64