CRAN Package Check Results for Package PolyPatEx

Last updated on 2020-09-22 03:49:34 CEST.

Flavor Version Tinstall Tcheck Ttotal Status Flags
r-devel-linux-x86_64-debian-clang 0.9.2 3.83 42.64 46.47 OK
r-devel-linux-x86_64-debian-gcc 0.9.2 0.33 2.08 2.41 ERROR
r-devel-linux-x86_64-fedora-clang 0.9.2 65.90 OK
r-devel-linux-x86_64-fedora-gcc 0.9.2 57.09 OK
r-devel-windows-ix86+x86_64 0.9.2 7.00 62.00 69.00 OK
r-patched-linux-x86_64 0.9.2 3.47 42.53 46.00 OK
r-patched-solaris-x86 0.9.2 77.30 OK
r-release-linux-x86_64 0.9.2 3.72 42.06 45.78 OK
r-release-macos-x86_64 0.9.2 OK
r-release-windows-ix86+x86_64 0.9.2 7.00 51.00 58.00 OK
r-oldrel-macos-x86_64 0.9.2 OK
r-oldrel-windows-ix86+x86_64 0.9.2 6.00 69.00 75.00 OK

Check Details

Version: 0.9.2
Check: whether package can be installed
Result: ERROR
    Installation failed.
Flavor: r-devel-linux-x86_64-debian-gcc