Last updated on 2023-01-29 16:55:05 CET.
Flavor | Version | Tinstall | Tcheck | Ttotal | Status | Flags |
---|---|---|---|---|---|---|
r-devel-linux-x86_64-debian-clang | 1.7 | 37.83 | 59.24 | 97.07 | OK | |
r-devel-linux-x86_64-debian-gcc | 1.7 | 31.14 | 44.43 | 75.57 | OK | |
r-devel-linux-x86_64-fedora-clang | 1.7 | 124.73 | NOTE | |||
r-devel-linux-x86_64-fedora-gcc | 1.7 | 133.16 | NOTE | |||
r-devel-windows-x86_64 | 1.7 | 48.00 | 90.00 | 138.00 | OK | |
r-patched-linux-x86_64 | 1.7 | 35.33 | 57.01 | 92.34 | OK | |
r-release-linux-x86_64 | 1.7 | 31.07 | 58.28 | 89.35 | OK | |
r-release-macos-arm64 | 1.7 | 47.00 | NOTE | |||
r-release-macos-x86_64 | 1.7 | 72.00 | NOTE | |||
r-release-windows-x86_64 | 1.7 | 53.00 | 90.00 | 143.00 | OK | |
r-oldrel-macos-arm64 | 1.7 | 58.00 | NOTE | |||
r-oldrel-macos-x86_64 | 1.7 | 76.00 | NOTE | |||
r-oldrel-windows-ix86+x86_64 | 1.7 | 58.00 | 84.00 | 142.00 | OK |
Version: 1.7
Check: data for non-ASCII characters
Result: NOTE
Note: found 7256 marked UTF-8 strings
Flavors: r-devel-linux-x86_64-fedora-clang, r-devel-linux-x86_64-fedora-gcc, r-release-macos-arm64, r-release-macos-x86_64, r-oldrel-macos-arm64, r-oldrel-macos-x86_64